{"id":33127,"date":"2023-05-17T19:47:29","date_gmt":"2023-05-17T17:47:29","guid":{"rendered":"https:\/\/www.legalmondo.com\/network\/sonia-gumpert\/"},"modified":"2025-10-14T23:27:46","modified_gmt":"2025-10-14T21:27:46","slug":"sonia-gumpert","status":"publish","type":"vendor","link":"https:\/\/www.legalmondo.com\/pt-pt\/network\/sonia-gumpert\/","title":{"rendered":"Sonia Gumpert"},"content":{"rendered":"<p>Licenciada em Direito pela Universidade Aut\u00f3noma de Madrid e mestre em Direito da Comunidade Europeia pela Universidad Pontificia de Comillas (ICADE).<\/p>\n<p>Entrou para a Ordem dos Advogados de Madrid (ICAM) em 1993 e, em junho do mesmo ano, ingressou na Monereo Meyer Abogados, onde \u00e9 s\u00f3cia desde 2002.<\/p>\n<p>Sonia \u00e9 especialista em resolu\u00e7\u00e3o de lit\u00edgios, contencioso e arbitragem, em mat\u00e9ria civil e comercial, particularmente em mat\u00e9rias com elemento estrangeiro e na aplica\u00e7\u00e3o de conven\u00e7\u00f5es e regras de direito internacional privado.<\/p>\n<p>\u00c9 Acad\u00eamica Correspondente da Real Academia de Jurisprud\u00eancia e Legisla\u00e7\u00e3o da Espanha, membro honor\u00e1rio da Association International de Jeunes Avocats (AIJA) desde agosto de 2011 e membro da UIA (Uni\u00e3o Internacional de Advogados).<\/p>\n<p>\u00c9 \u00e1rbitro do Conselho de Arbitragem por Arrendamento da Comunidade de Madrid, do Tribunal de Arbitragem da Associa\u00e7\u00e3o Europeia de Arbitragem e do Centro Ibero-Americano de Arbitragem (CIAR).<\/p>\n<p>Foi Decana da Ordem dos Advogados de Madrid (2012-2017) e ocupou os cargos de Primeira Vice-Presidente do Conselho Geral dos Advogados Espanh\u00f3is, Presidente da Uni\u00e3o Interprofissional da Comunidade de Madrid e Diretora da Fundaci\u00f3n Abogac\u00eda.<\/p>\n<p>S\u00f3cio-gerente da Monereo Meyer Abogados nos anos de 2017 a 2020.<\/p>\n<p>Ela fala espanhol, alem\u00e3o e ingl\u00eas.|<\/p>\n","protected":false},"excerpt":{"rendered":"<p>Licenciada em Direito pela Universidade Aut\u00f3noma de Madrid e mestre em Direito da Comunidade Europeia pela Universidad Pontificia de Comillas (ICADE). Entrou para a Ordem dos Advogados de Madrid (ICAM) em 1993 e, em junho do mesmo ano, ingressou na Monereo Meyer Abogados, onde \u00e9 s\u00f3cia desde 2002. Sonia \u00e9 especialista em resolu\u00e7\u00e3o de lit\u00edgios, [&hellip;]<\/p>\n","protected":false},"author":696,"featured_media":34256,"template":"","sector":[12623],"country":[11639,12306],"skill":[12490,12494,12537,12514],"class_list":["post-33127","vendor","type-vendor","status-publish","has-post-thumbnail","hentry","sector-legal-en-pt-pt","country-es-pt-pt","country-madrid-pt-pt","skill-agency-pt-pt","skill-arbitration-pt-pt","skill-litigation-pt-pt","skill-distribution"],"acf":[],"_links":{"self":[{"href":"https:\/\/www.legalmondo.com\/pt-pt\/wp-json\/wp\/v2\/vendor\/33127","targetHints":{"allow":["GET"]}}],"collection":[{"href":"https:\/\/www.legalmondo.com\/pt-pt\/wp-json\/wp\/v2\/vendor"}],"about":[{"href":"https:\/\/www.legalmondo.com\/pt-pt\/wp-json\/wp\/v2\/types\/vendor"}],"author":[{"embeddable":true,"href":"https:\/\/www.legalmondo.com\/pt-pt\/wp-json\/wp\/v2\/users\/696"}],"wp:featuredmedia":[{"embeddable":true,"href":"https:\/\/www.legalmondo.com\/pt-pt\/wp-json\/wp\/v2\/media\/34256"}],"wp:attachment":[{"href":"https:\/\/www.legalmondo.com\/pt-pt\/wp-json\/wp\/v2\/media?parent=33127"}],"wp:term":[{"taxonomy":"sector","embeddable":true,"href":"https:\/\/www.legalmondo.com\/pt-pt\/wp-json\/wp\/v2\/sector?post=33127"},{"taxonomy":"country","embeddable":true,"href":"https:\/\/www.legalmondo.com\/pt-pt\/wp-json\/wp\/v2\/country?post=33127"},{"taxonomy":"skill","embeddable":true,"href":"https:\/\/www.legalmondo.com\/pt-pt\/wp-json\/wp\/v2\/skill?post=33127"}],"curies":[{"name":"wp","href":"https:\/\/api.w.org\/{rel}","templated":true}]}}

<p>Licenciada em Direito pela Universidade Autónoma de Madrid e mestre em Direito da Comunidade Europeia pela Universidad Pontificia de Comillas (ICADE).</p>
<p>Entrou para a Ordem dos Advogados de Madrid (ICAM) em 1993 e, em junho do mesmo ano, ingressou na Monereo Meyer Abogados, onde é sócia desde 2002.</p>
<p>Sonia é especialista em resolução de litígios, contencioso e arbitragem, em matéria civil e comercial, particularmente em matérias com elemento estrangeiro e na aplicação de convenções e regras de direito internacional privado.</p>
<p>É Acadêmica Correspondente da Real Academia de Jurisprudência e Legislação da Espanha, membro honorário da Association International de Jeunes Avocats (AIJA) desde agosto de 2011 e membro da UIA (União Internacional de Advogados).</p>
<p>É árbitro do Conselho de Arbitragem por Arrendamento da Comunidade de Madrid, do Tribunal de Arbitragem da Associação Europeia de Arbitragem e do Centro Ibero-Americano de Arbitragem (CIAR).</p>
<p>Foi Decana da Ordem dos Advogados de Madrid (2012-2017) e ocupou os cargos de Primeira Vice-Presidente do Conselho Geral dos Advogados Espanhóis, Presidente da União Interprofissional da Comunidade de Madrid e Diretora da Fundación Abogacía.</p>
<p>Sócio-gerente da Monereo Meyer Abogados nos anos de 2017 a 2020.</p>
<p>Ela fala espanhol, alemão e inglês.|</p>

<p>Licenciada em Direito pela Universidade Autónoma de Madrid e mestre em Direito da Comunidade Europeia pela Universidad Pontificia de Comillas (ICADE). Entrou para a Ordem dos Advogados de Madrid (ICAM) em 1993 e, em junho do mesmo ano, ingressou na Monereo Meyer Abogados, onde é sócia desde 2002. Sonia é especialista em resolução de litígios, [&hellip;]</p>
