{"id":33075,"date":"2023-09-18T22:02:59","date_gmt":"2023-09-18T20:02:59","guid":{"rendered":"https:\/\/www.legalmondo.com\/network\/pieter-van-den-broeck\/"},"modified":"2025-10-14T15:34:15","modified_gmt":"2025-10-14T13:34:15","slug":"pieter-van-den-broeck","status":"publish","type":"vendor","link":"https:\/\/www.legalmondo.com\/pt-pt\/network\/pieter-van-den-broeck\/","title":{"rendered":"Pieter Van den Broeck"},"content":{"rendered":"<p>Pieter \u00e9 especialista em direito societ\u00e1rio em geral e concentra-se em transa\u00e7\u00f5es (por exemplo, fus\u00f5es, aquisi\u00e7\u00f5es, PE\/ VC, transfer\u00eancia de empresas familiares, reestrutura\u00e7\u00f5es, etc.) e trabalho de consultoria. Al\u00e9m disso, Pieter tem ampla experi\u00eancia em lit\u00edgios corporativos (foco em disputas de acionistas, responsabilidade dos diretores, (p\u00f3s-M&amp;A litigation).<\/p>\n<p>Pieter presta assessoria a empresas belgas e estrangeiras que pretendam investir ou alienar neg\u00f3cios belgas. Grande parte do seu trabalho envolve aspectos transfronteiri\u00e7os com um foco especial na Holanda.<\/p>\n<p>Pieter atua como vice-presidente do nosso grupo de pr\u00e1tica Corporate-M&amp;A e \u00e9 membro da comiss\u00e3o internacional de seu escrit\u00f3rio de advocacia, respons\u00e1vel por nossas atividades internacionais e networking\/desenvolvimento de neg\u00f3cios.<\/p>\n<p>Al\u00e9m disso, atua na BCFA (Associa\u00e7\u00e3o Belga de Finan\u00e7as Corporativas), na BVA (Associa\u00e7\u00e3o Belga de Capital de Risco) e na AIJA (Associa\u00e7\u00e3o Internacional de Jovens Advogados), onde foi membro do Comit\u00ea Executivo de agosto de 2011 a agosto de 2023.<\/p>\n<p>Pieter \u00e9 palestrante regular sobre temas relacionados ao direito das sociedades e M&amp;A em semin\u00e1rios e confer\u00eancias na B\u00e9lgica e no exterior.<\/p>\n<p>Vive entre Bruxelas e Antu\u00e9rpia e trabalha em Antu\u00e9rpia, Bruxelas e Ghent.<\/p>\n<p>A l\u00edngua materna de Pieter \u00e9 o holand\u00eas, e ele tamb\u00e9m \u00e9 fluente em ingl\u00eas e franc\u00eas.<\/p>\n","protected":false},"excerpt":{"rendered":"<p>Pieter \u00e9 especialista em direito societ\u00e1rio em geral e concentra-se em transa\u00e7\u00f5es (por exemplo, fus\u00f5es, aquisi\u00e7\u00f5es, PE\/ VC, transfer\u00eancia de empresas familiares, reestrutura\u00e7\u00f5es, etc.) e trabalho de consultoria. Al\u00e9m disso, Pieter tem ampla experi\u00eancia em lit\u00edgios corporativos (foco em disputas de acionistas, responsabilidade dos diretores, (p\u00f3s-M&amp;A litigation). Pieter presta assessoria a empresas belgas e estrangeiras [&hellip;]<\/p>\n","protected":false},"author":711,"featured_media":34234,"template":"","sector":[12623],"country":[12204,11551],"skill":[12548,12543,12509,12521,12538],"class_list":["post-33075","vendor","type-vendor","status-publish","has-post-thumbnail","hentry","sector-legal-en-pt-pt","country-antwerp-pt-pt","country-be-pt-pt","skill-start-up-pt-pt","skill-private-equity-pt-pt","skill-corporate-pt-pt","skill-foreign-investments-pt-pt","skill-ma-pt-pt"],"acf":[],"_links":{"self":[{"href":"https:\/\/www.legalmondo.com\/pt-pt\/wp-json\/wp\/v2\/vendor\/33075","targetHints":{"allow":["GET"]}}],"collection":[{"href":"https:\/\/www.legalmondo.com\/pt-pt\/wp-json\/wp\/v2\/vendor"}],"about":[{"href":"https:\/\/www.legalmondo.com\/pt-pt\/wp-json\/wp\/v2\/types\/vendor"}],"author":[{"embeddable":true,"href":"https:\/\/www.legalmondo.com\/pt-pt\/wp-json\/wp\/v2\/users\/711"}],"wp:featuredmedia":[{"embeddable":true,"href":"https:\/\/www.legalmondo.com\/pt-pt\/wp-json\/wp\/v2\/media\/34234"}],"wp:attachment":[{"href":"https:\/\/www.legalmondo.com\/pt-pt\/wp-json\/wp\/v2\/media?parent=33075"}],"wp:term":[{"taxonomy":"sector","embeddable":true,"href":"https:\/\/www.legalmondo.com\/pt-pt\/wp-json\/wp\/v2\/sector?post=33075"},{"taxonomy":"country","embeddable":true,"href":"https:\/\/www.legalmondo.com\/pt-pt\/wp-json\/wp\/v2\/country?post=33075"},{"taxonomy":"skill","embeddable":true,"href":"https:\/\/www.legalmondo.com\/pt-pt\/wp-json\/wp\/v2\/skill?post=33075"}],"curies":[{"name":"wp","href":"https:\/\/api.w.org\/{rel}","templated":true}]}}

<p>Pieter é especialista em direito societário em geral e concentra-se em transações (por exemplo, fusões, aquisições, PE/ VC, transferência de empresas familiares, reestruturações, etc.) e trabalho de consultoria. Além disso, Pieter tem ampla experiência em litígios corporativos (foco em disputas de acionistas, responsabilidade dos diretores, (pós-M&amp;A litigation).</p>
<p>Pieter presta assessoria a empresas belgas e estrangeiras que pretendam investir ou alienar negócios belgas. Grande parte do seu trabalho envolve aspectos transfronteiriços com um foco especial na Holanda.</p>
<p>Pieter atua como vice-presidente do nosso grupo de prática Corporate-M&amp;A e é membro da comissão internacional de seu escritório de advocacia, responsável por nossas atividades internacionais e networking/desenvolvimento de negócios.</p>
<p>Além disso, atua na BCFA (Associação Belga de Finanças Corporativas), na BVA (Associação Belga de Capital de Risco) e na AIJA (Associação Internacional de Jovens Advogados), onde foi membro do Comitê Executivo de agosto de 2011 a agosto de 2023.</p>
<p>Pieter é palestrante regular sobre temas relacionados ao direito das sociedades e M&amp;A em seminários e conferências na Bélgica e no exterior.</p>
<p>Vive entre Bruxelas e Antuérpia e trabalha em Antuérpia, Bruxelas e Ghent.</p>
<p>A língua materna de Pieter é o holandês, e ele também é fluente em inglês e francês.</p>

<p>Pieter é especialista em direito societário em geral e concentra-se em transações (por exemplo, fusões, aquisições, PE/ VC, transferência de empresas familiares, reestruturações, etc.) e trabalho de consultoria. Além disso, Pieter tem ampla experiência em litígios corporativos (foco em disputas de acionistas, responsabilidade dos diretores, (pós-M&amp;A litigation). Pieter presta assessoria a empresas belgas e estrangeiras [&hellip;]</p>
