{"id":33070,"date":"2021-08-31T21:21:09","date_gmt":"2021-08-31T19:21:09","guid":{"rendered":"https:\/\/www.legalmondo.com\/network\/philippe-sylvestre\/"},"modified":"2025-10-14T15:31:15","modified_gmt":"2025-10-14T13:31:15","slug":"philippe-sylvestre","status":"publish","type":"vendor","link":"https:\/\/www.legalmondo.com\/pt-pt\/network\/philippe-sylvestre\/","title":{"rendered":"Philippe Sylvestre"},"content":{"rendered":"<p>Philippe Sylvestre \u00e9 advogado luxemburgu\u00eas (avocat \u00e0 la Cour) e membro da Ordem dos Advogados do Luxemburgo desde 2014. Atua na Brucher, Thieltgen &amp; Partners nas \u00e1reas de direito societ\u00e1rio e comercial com foco especial em disputas de acionistas, lit\u00edgios comerciais, processos de insolv\u00eancia e reestrutura\u00e7\u00f5es corporativas.<\/p>\n<p>Philippe \u00e9 nomeado regularmente como administrador de fal\u00eancias ou como liquidador de sociedades, bem como ocasionalmente como administrador provis\u00f3rio de sociedades.<\/p>\n<p>Al\u00e9m de sua atividade como advogado, Philippe presidiu o comit\u00ea da Associa\u00e7\u00e3o dos Jovens Advogados do Luxemburgo e est\u00e1 envolvido na Associa\u00e7\u00e3o dos Representantes Legais do Luxemburgo (ALMJ), da qual \u00e9 membro do conselho de administra\u00e7\u00e3o.<\/p>\n<p>Philippe possui um Mestrado em Direito (LL.M.) pela Universidade da Pensilv\u00e2nia (UPenn, EUA), bem como um Mestrado em Direito Comparado e Direito Empresarial pela Universidade de Paris 1 Panth\u00e9on-Sorbonne.<\/p>\n<p>Fala fluentemente franc\u00eas, alem\u00e3o, luxemburgu\u00eas e ingl\u00eas.<\/p>\n","protected":false},"excerpt":{"rendered":"<p>Philippe Sylvestre \u00e9 advogado luxemburgu\u00eas (avocat \u00e0 la Cour) e membro da Ordem dos Advogados do Luxemburgo desde 2014. Atua na Brucher, Thieltgen &amp; Partners nas \u00e1reas de direito societ\u00e1rio e comercial com foco especial em disputas de acionistas, lit\u00edgios comerciais, processos de insolv\u00eancia e reestrutura\u00e7\u00f5es corporativas. Philippe \u00e9 nomeado regularmente como administrador de fal\u00eancias [&hellip;]<\/p>\n","protected":false},"author":650,"featured_media":19359,"template":"","sector":[12623],"country":[11618,12278],"skill":[12537,12508,12509,12530],"class_list":["post-33070","vendor","type-vendor","status-publish","has-post-thumbnail","hentry","sector-legal-en-pt-pt","country-lu-pt-pt","country-luxembourg-pt-pt","skill-litigation-pt-pt","skill-contracts-pt-pt","skill-corporate-pt-pt","skill-insolvency-pt-pt"],"acf":[],"_links":{"self":[{"href":"https:\/\/www.legalmondo.com\/pt-pt\/wp-json\/wp\/v2\/vendor\/33070","targetHints":{"allow":["GET"]}}],"collection":[{"href":"https:\/\/www.legalmondo.com\/pt-pt\/wp-json\/wp\/v2\/vendor"}],"about":[{"href":"https:\/\/www.legalmondo.com\/pt-pt\/wp-json\/wp\/v2\/types\/vendor"}],"author":[{"embeddable":true,"href":"https:\/\/www.legalmondo.com\/pt-pt\/wp-json\/wp\/v2\/users\/650"}],"wp:featuredmedia":[{"embeddable":true,"href":"https:\/\/www.legalmondo.com\/pt-pt\/wp-json\/wp\/v2\/media\/19359"}],"wp:attachment":[{"href":"https:\/\/www.legalmondo.com\/pt-pt\/wp-json\/wp\/v2\/media?parent=33070"}],"wp:term":[{"taxonomy":"sector","embeddable":true,"href":"https:\/\/www.legalmondo.com\/pt-pt\/wp-json\/wp\/v2\/sector?post=33070"},{"taxonomy":"country","embeddable":true,"href":"https:\/\/www.legalmondo.com\/pt-pt\/wp-json\/wp\/v2\/country?post=33070"},{"taxonomy":"skill","embeddable":true,"href":"https:\/\/www.legalmondo.com\/pt-pt\/wp-json\/wp\/v2\/skill?post=33070"}],"curies":[{"name":"wp","href":"https:\/\/api.w.org\/{rel}","templated":true}]}}

<p>Philippe Sylvestre é advogado luxemburguês (avocat à la Cour) e membro da Ordem dos Advogados do Luxemburgo desde 2014. Atua na Brucher, Thieltgen &amp; Partners nas áreas de direito societário e comercial com foco especial em disputas de acionistas, litígios comerciais, processos de insolvência e reestruturações corporativas.</p>
<p>Philippe é nomeado regularmente como administrador de falências ou como liquidador de sociedades, bem como ocasionalmente como administrador provisório de sociedades.</p>
<p>Além de sua atividade como advogado, Philippe presidiu o comitê da Associação dos Jovens Advogados do Luxemburgo e está envolvido na Associação dos Representantes Legais do Luxemburgo (ALMJ), da qual é membro do conselho de administração.</p>
<p>Philippe possui um Mestrado em Direito (LL.M.) pela Universidade da Pensilvânia (UPenn, EUA), bem como um Mestrado em Direito Comparado e Direito Empresarial pela Universidade de Paris 1 Panthéon-Sorbonne.</p>
<p>Fala fluentemente francês, alemão, luxemburguês e inglês.</p>

<p>Philippe Sylvestre é advogado luxemburguês (avocat à la Cour) e membro da Ordem dos Advogados do Luxemburgo desde 2014. Atua na Brucher, Thieltgen &amp; Partners nas áreas de direito societário e comercial com foco especial em disputas de acionistas, litígios comerciais, processos de insolvência e reestruturações corporativas. Philippe é nomeado regularmente como administrador de falências [&hellip;]</p>
