{"id":32869,"date":"2022-10-24T22:22:21","date_gmt":"2022-10-24T20:22:21","guid":{"rendered":"https:\/\/www.legalmondo.com\/network\/martin-foerster\/"},"modified":"2025-09-25T23:51:49","modified_gmt":"2025-09-25T21:51:49","slug":"martin-foerster","status":"publish","type":"vendor","link":"https:\/\/www.legalmondo.com\/pt-pt\/network\/martin-foerster\/","title":{"rendered":"Martin Foerster"},"content":{"rendered":"<p>Martin Foerster \u00e9 s\u00f3cio fundador e chefe do grupo de pr\u00e1tica imobili\u00e1ria e de constru\u00e7\u00e3o da Pitkowitz &amp; Partners em Viena, \u00c1ustria. Trabalhou extensivamente nesta \u00e1rea durante mais de 20 anos, aconselhando clientes em todos os aspectos legais do setor imobili\u00e1rio.<\/p>\n<p>Licenciado em Direito em Viena, p\u00f3s-graduado em Direito Empresarial Internacional pela London School of Economics (com m\u00e9rito) e doutorado pela Universidade de Viena (com distin\u00e7\u00e3o).<\/p>\n<p>Martin \u00e9 admitido na Ordem dos Advogados de Viena desde 2005 e \u00e9, entre outros, membro da ACSC &#8211; Conselho Austr\u00edaco de Centros Comerciais, AIJA &#8211; Associa\u00e7\u00e3o Internacional de Jovens Advogados onde foi presidente da Comiss\u00e3o de Im\u00f3veis de 2016 a 2019, e IMMQU &#8211; Associa\u00e7\u00e3o para a Promo\u00e7\u00e3o da Qualidade no Setor Imobili\u00e1rio. Foi nomeado para o Conselho de Administra\u00e7\u00e3o da renomada Wiener Cottage Verein em 2022.<\/p>\n<p>Al\u00e9m de in\u00fameras publica\u00e7\u00f5es, \u00e9 coautor do Handbook of Real Estate Transactions (2012, 2014) e do Handbook of Landlord and Tenant Law (2022). Martin fala frequentemente em semin\u00e1rios especializados sobre temas imobili\u00e1rios. Ele ocupou um cargo de ensino no Departamento de Im\u00f3veis da Universidade de Ci\u00eancias Aplicadas para Gest\u00e3o e Comunica\u00e7\u00e3o em Viena por 10 anos.<\/p>\n<p>Martin \u00e9 um falante nativo alem\u00e3o e fala fluentemente ingl\u00eas.<\/p>\n","protected":false},"excerpt":{"rendered":"<p>Martin Foerster \u00e9 s\u00f3cio fundador e chefe do grupo de pr\u00e1tica imobili\u00e1ria e de constru\u00e7\u00e3o da Pitkowitz &amp; Partners em Viena, \u00c1ustria. Trabalhou extensivamente nesta \u00e1rea durante mais de 20 anos, aconselhando clientes em todos os aspectos legais do setor imobili\u00e1rio. Licenciado em Direito em Viena, p\u00f3s-graduado em Direito Empresarial Internacional pela London School of [&hellip;]<\/p>\n","protected":false},"author":682,"featured_media":21011,"template":"","sector":[12623],"country":[11548,12203],"skill":[12537,12536,12545,12539],"class_list":["post-32869","vendor","type-vendor","status-publish","has-post-thumbnail","hentry","sector-legal-en-pt-pt","country-at-pt-pt","country-vienna-pt-pt","skill-litigation-pt-pt","skill-lease-agreements-pt-pt","skill-real-estate-pt-pt","skill-media-pt-pt"],"acf":[],"_links":{"self":[{"href":"https:\/\/www.legalmondo.com\/pt-pt\/wp-json\/wp\/v2\/vendor\/32869","targetHints":{"allow":["GET"]}}],"collection":[{"href":"https:\/\/www.legalmondo.com\/pt-pt\/wp-json\/wp\/v2\/vendor"}],"about":[{"href":"https:\/\/www.legalmondo.com\/pt-pt\/wp-json\/wp\/v2\/types\/vendor"}],"author":[{"embeddable":true,"href":"https:\/\/www.legalmondo.com\/pt-pt\/wp-json\/wp\/v2\/users\/682"}],"wp:featuredmedia":[{"embeddable":true,"href":"https:\/\/www.legalmondo.com\/pt-pt\/wp-json\/wp\/v2\/media\/21011"}],"wp:attachment":[{"href":"https:\/\/www.legalmondo.com\/pt-pt\/wp-json\/wp\/v2\/media?parent=32869"}],"wp:term":[{"taxonomy":"sector","embeddable":true,"href":"https:\/\/www.legalmondo.com\/pt-pt\/wp-json\/wp\/v2\/sector?post=32869"},{"taxonomy":"country","embeddable":true,"href":"https:\/\/www.legalmondo.com\/pt-pt\/wp-json\/wp\/v2\/country?post=32869"},{"taxonomy":"skill","embeddable":true,"href":"https:\/\/www.legalmondo.com\/pt-pt\/wp-json\/wp\/v2\/skill?post=32869"}],"curies":[{"name":"wp","href":"https:\/\/api.w.org\/{rel}","templated":true}]}}

<p>Martin Foerster é sócio fundador e chefe do grupo de prática imobiliária e de construção da Pitkowitz &amp; Partners em Viena, Áustria. Trabalhou extensivamente nesta área durante mais de 20 anos, aconselhando clientes em todos os aspectos legais do setor imobiliário.</p>
<p>Licenciado em Direito em Viena, pós-graduado em Direito Empresarial Internacional pela London School of Economics (com mérito) e doutorado pela Universidade de Viena (com distinção).</p>
<p>Martin é admitido na Ordem dos Advogados de Viena desde 2005 e é, entre outros, membro da ACSC &#8211; Conselho Austríaco de Centros Comerciais, AIJA &#8211; Associação Internacional de Jovens Advogados onde foi presidente da Comissão de Imóveis de 2016 a 2019, e IMMQU &#8211; Associação para a Promoção da Qualidade no Setor Imobiliário. Foi nomeado para o Conselho de Administração da renomada Wiener Cottage Verein em 2022.</p>
<p>Além de inúmeras publicações, é coautor do Handbook of Real Estate Transactions (2012, 2014) e do Handbook of Landlord and Tenant Law (2022). Martin fala frequentemente em seminários especializados sobre temas imobiliários. Ele ocupou um cargo de ensino no Departamento de Imóveis da Universidade de Ciências Aplicadas para Gestão e Comunicação em Viena por 10 anos.</p>
<p>Martin é um falante nativo alemão e fala fluentemente inglês.</p>

<p>Martin Foerster é sócio fundador e chefe do grupo de prática imobiliária e de construção da Pitkowitz &amp; Partners em Viena, Áustria. Trabalhou extensivamente nesta área durante mais de 20 anos, aconselhando clientes em todos os aspectos legais do setor imobiliário. Licenciado em Direito em Viena, pós-graduado em Direito Empresarial Internacional pela London School of [&hellip;]</p>
