{"id":32834,"date":"2016-07-28T10:08:00","date_gmt":"2016-07-28T08:08:00","guid":{"rendered":"https:\/\/www.legalmondo.com\/network\/marika-devaux\/"},"modified":"2025-09-25T23:20:39","modified_gmt":"2025-09-25T21:20:39","slug":"marika-devaux","status":"publish","type":"vendor","link":"https:\/\/www.legalmondo.com\/pt-pt\/network\/marika-devaux\/","title":{"rendered":"Marika Devaux"},"content":{"rendered":"<p>Marika Devaux \u00e9 advogada, membro da Ordem dos Advogados de Lyon (Fran\u00e7a) desde 2009 e da Ordem dos Advogados de Turim (It\u00e1lia) desde 2011.<br \/>\nFormada em direito empresarial, \u00e9 especializada em lit\u00edgios civis e comerciais, especialmente em concorr\u00eancia desleal, contratos comerciais, distribui\u00e7\u00e3o internacional (rede de ag\u00eancias, franquias, distribui\u00e7\u00e3o exclusiva e seletiva) e cobran\u00e7a de cr\u00e9ditos.<\/p>\n<p>Marika tem uma vasta experi\u00eancia no aconselhamento e assist\u00eancia a empresas em lit\u00edgios em casos comerciais internacionais envolvendo quest\u00f5es transfronteiri\u00e7as entre a Fran\u00e7a e a It\u00e1lia (importa\u00e7\u00e3o\/exporta\u00e7\u00e3o, contratos, transporte, instala\u00e7\u00e3o de empresas, etc.).<\/p>\n<p>Marika \u00e9 membro ativo da:<br \/>\n&#8211; AIJA (Association Internationale des Jeunes Avocats),<br \/>\n&#8211; IDI (International Distribution Institute),<br \/>\n&#8211; CCIL (Camera di commercio Italiana di Lione),<br \/>\n&#8211; CIBLY (Commission internationale du Barreau de Lyon).<\/p>\n<p>\u00c9 palestrante regular em confer\u00eancias e semin\u00e1rios para advogados especializados em direito comercial e empresarial, em particular em quest\u00f5es como direito de defesa do consumidor, contratos e cobran\u00e7a de cr\u00e9ditos internacionais.<\/p>\n<p>Marika \u00e9 fluente em franc\u00eas, italiano e ingl\u00eas.<\/p>\n","protected":false},"excerpt":{"rendered":"<p>Marika Devaux is a lawyer, member of the Lyon Bar (France) since 2009 and of the Torino Bar (Italy) since 2011.<br \/>\nTrained in business law, she is specialized in civil and commercial litigation.<\/p>\n","protected":false},"author":35,"featured_media":25645,"template":"","sector":[12623],"country":[11586,11603,12233,12267],"skill":[12494,12510,12537,12508,12514],"class_list":["post-32834","vendor","type-vendor","status-publish","has-post-thumbnail","hentry","sector-legal-en-pt-pt","country-fr-ru-pt-pt","country-it-pt-pt","country-lyon-pt-pt","country-turin-pt-pt","skill-arbitration-pt-pt","skill-credit-collection-pt-pt","skill-litigation-pt-pt","skill-contracts-pt-pt","skill-distribution"],"acf":[],"_links":{"self":[{"href":"https:\/\/www.legalmondo.com\/pt-pt\/wp-json\/wp\/v2\/vendor\/32834","targetHints":{"allow":["GET"]}}],"collection":[{"href":"https:\/\/www.legalmondo.com\/pt-pt\/wp-json\/wp\/v2\/vendor"}],"about":[{"href":"https:\/\/www.legalmondo.com\/pt-pt\/wp-json\/wp\/v2\/types\/vendor"}],"author":[{"embeddable":true,"href":"https:\/\/www.legalmondo.com\/pt-pt\/wp-json\/wp\/v2\/users\/35"}],"wp:featuredmedia":[{"embeddable":true,"href":"https:\/\/www.legalmondo.com\/pt-pt\/wp-json\/wp\/v2\/media\/25645"}],"wp:attachment":[{"href":"https:\/\/www.legalmondo.com\/pt-pt\/wp-json\/wp\/v2\/media?parent=32834"}],"wp:term":[{"taxonomy":"sector","embeddable":true,"href":"https:\/\/www.legalmondo.com\/pt-pt\/wp-json\/wp\/v2\/sector?post=32834"},{"taxonomy":"country","embeddable":true,"href":"https:\/\/www.legalmondo.com\/pt-pt\/wp-json\/wp\/v2\/country?post=32834"},{"taxonomy":"skill","embeddable":true,"href":"https:\/\/www.legalmondo.com\/pt-pt\/wp-json\/wp\/v2\/skill?post=32834"}],"curies":[{"name":"wp","href":"https:\/\/api.w.org\/{rel}","templated":true}]}}

<p>Marika Devaux é advogada, membro da Ordem dos Advogados de Lyon (França) desde 2009 e da Ordem dos Advogados de Turim (Itália) desde 2011.<br />
Formada em direito empresarial, é especializada em litígios civis e comerciais, especialmente em concorrência desleal, contratos comerciais, distribuição internacional (rede de agências, franquias, distribuição exclusiva e seletiva) e cobrança de créditos.</p>
<p>Marika tem uma vasta experiência no aconselhamento e assistência a empresas em litígios em casos comerciais internacionais envolvendo questões transfronteiriças entre a França e a Itália (importação/exportação, contratos, transporte, instalação de empresas, etc.).</p>
<p>Marika é membro ativo da:<br />
&#8211; AIJA (Association Internationale des Jeunes Avocats),<br />
&#8211; IDI (International Distribution Institute),<br />
&#8211; CCIL (Camera di commercio Italiana di Lione),<br />
&#8211; CIBLY (Commission internationale du Barreau de Lyon).</p>
<p>É palestrante regular em conferências e seminários para advogados especializados em direito comercial e empresarial, em particular em questões como direito de defesa do consumidor, contratos e cobrança de créditos internacionais.</p>
<p>Marika é fluente em francês, italiano e inglês.</p>
