{"id":31335,"date":"2024-02-16T23:49:33","date_gmt":"2024-02-16T22:49:33","guid":{"rendered":"https:\/\/www.legalmondo.com\/network\/jose-costa-pinto\/"},"modified":"2024-11-12T22:36:27","modified_gmt":"2024-11-12T21:36:27","slug":"jose-costa-pinto","status":"publish","type":"vendor","link":"https:\/\/www.legalmondo.com\/pt-pt\/network\/jose-costa-pinto\/","title":{"rendered":"Jos\u00e9 Costa Pinto"},"content":{"rendered":"<p>Jos\u00e9 Costa Pinto \u00e9 s\u00f3cio fundador da Costa Pinto, onde se especializa em quest\u00f5es de direito comercial e societ\u00e1rio e tem uma vasta experi\u00eancia em reestrutura\u00e7\u00f5es empresariais, fus\u00f5es e aquisi\u00e7\u00f5es e opera\u00e7\u00f5es de private equity. \u00c9 tamb\u00e9m membro da Dire\u00e7\u00e3o do Observat\u00f3rio Portugu\u00eas de Compliance e Regula\u00e7\u00e3o e da Dire\u00e7\u00e3o do Instituto Portugu\u00eas de Corporate Governance.<br \/>\nJos\u00e9 Costa Pinto \u00e9 tamb\u00e9m Vice-Presidente da Mesa da Assembleia Geral da Galp SGPS, S.A., desde maio de 2023, e Secret\u00e1rio da Mesa da Assembleia Geral do Sporting Clube de Portugal, desde 2018. \u00c9 tamb\u00e9m Presidente da Mesa da Assembleia Geral de diversas empresas e fundos de investimento.<br \/>\nFoi Presidente da Associa\u00e7\u00e3o Nacional de Jovens Advogados Portugueses (ANJAP) entre 2014 e 2018.<br \/>\nAntes de fundar a Costa Pinto Advogados, Jos\u00e9 Costa Pinto trabalhou na Ur\u00eda Men\u00e9ndez &#8211; Proen\u00e7a de Carvalho e na Simmons &amp; simmons. Foi autor e coautor de diversos artigos t\u00e9cnicos e orador em confer\u00eancias e eventos p\u00fablicos.<br \/>\nO Jos\u00e9 \u00e9 falante nativo de portugu\u00eas e \u00e9 fluente em ingl\u00eas e espanhol.<\/p>\n","protected":false},"excerpt":{"rendered":"<p>Jos\u00e9 Costa Pinto \u00e9 s\u00f3cio fundador da Costa Pinto, onde se especializa em quest\u00f5es de direito comercial e societ\u00e1rio e tem uma vasta experi\u00eancia em reestrutura\u00e7\u00f5es empresariais, fus\u00f5es e aquisi\u00e7\u00f5es e opera\u00e7\u00f5es de private equity. \u00c9 tamb\u00e9m membro da Dire\u00e7\u00e3o do Observat\u00f3rio Portugu\u00eas de Compliance e Regula\u00e7\u00e3o e da Dire\u00e7\u00e3o do Instituto Portugu\u00eas de Corporate [&hellip;]<\/p>\n","protected":false},"author":735,"featured_media":28937,"template":"","sector":[12623],"country":[12295,11629],"skill":[12509,12545,12538],"class_list":["post-31335","vendor","type-vendor","status-publish","has-post-thumbnail","hentry","sector-legal-en-pt-pt","country-lisbon-pt-pt","country-pt-pt-pt","skill-corporate-pt-pt","skill-real-estate-pt-pt","skill-ma-pt-pt"],"acf":[],"_links":{"self":[{"href":"https:\/\/www.legalmondo.com\/pt-pt\/wp-json\/wp\/v2\/vendor\/31335","targetHints":{"allow":["GET"]}}],"collection":[{"href":"https:\/\/www.legalmondo.com\/pt-pt\/wp-json\/wp\/v2\/vendor"}],"about":[{"href":"https:\/\/www.legalmondo.com\/pt-pt\/wp-json\/wp\/v2\/types\/vendor"}],"author":[{"embeddable":true,"href":"https:\/\/www.legalmondo.com\/pt-pt\/wp-json\/wp\/v2\/users\/735"}],"wp:featuredmedia":[{"embeddable":true,"href":"https:\/\/www.legalmondo.com\/pt-pt\/wp-json\/wp\/v2\/media\/28937"}],"wp:attachment":[{"href":"https:\/\/www.legalmondo.com\/pt-pt\/wp-json\/wp\/v2\/media?parent=31335"}],"wp:term":[{"taxonomy":"sector","embeddable":true,"href":"https:\/\/www.legalmondo.com\/pt-pt\/wp-json\/wp\/v2\/sector?post=31335"},{"taxonomy":"country","embeddable":true,"href":"https:\/\/www.legalmondo.com\/pt-pt\/wp-json\/wp\/v2\/country?post=31335"},{"taxonomy":"skill","embeddable":true,"href":"https:\/\/www.legalmondo.com\/pt-pt\/wp-json\/wp\/v2\/skill?post=31335"}],"curies":[{"name":"wp","href":"https:\/\/api.w.org\/{rel}","templated":true}]}}

José Costa Pinto

<p>José Costa Pinto é sócio fundador da Costa Pinto, onde se especializa em questões de direito comercial e societário e tem uma vasta experiência em reestruturações empresariais, fusões e aquisições e operações de private equity. É também membro da Direção do Observatório Português de Compliance e Regulação e da Direção do Instituto Português de Corporate Governance.<br />
José Costa Pinto é também Vice-Presidente da Mesa da Assembleia Geral da Galp SGPS, S.A., desde maio de 2023, e Secretário da Mesa da Assembleia Geral do Sporting Clube de Portugal, desde 2018. É também Presidente da Mesa da Assembleia Geral de diversas empresas e fundos de investimento.<br />
Foi Presidente da Associação Nacional de Jovens Advogados Portugueses (ANJAP) entre 2014 e 2018.<br />
Antes de fundar a Costa Pinto Advogados, José Costa Pinto trabalhou na Uría Menéndez &#8211; Proença de Carvalho e na Simmons &amp; simmons. Foi autor e coautor de diversos artigos técnicos e orador em conferências e eventos públicos.<br />
O José é falante nativo de português e é fluente em inglês e espanhol.</p>

<p>José Costa Pinto é sócio fundador da Costa Pinto, onde se especializa em questões de direito comercial e societário e tem uma vasta experiência em reestruturações empresariais, fusões e aquisições e operações de private equity. É também membro da Direção do Observatório Português de Compliance e Regulação e da Direção do Instituto Português de Corporate [&hellip;]</p>
