{"id":31044,"date":"2017-11-03T15:06:17","date_gmt":"2017-11-03T14:06:17","guid":{"rendered":"https:\/\/www.legalmondo.com\/network\/caroline-barbe\/"},"modified":"2024-11-08T19:25:52","modified_gmt":"2024-11-08T18:25:52","slug":"caroline-barbe","status":"publish","type":"vendor","link":"https:\/\/www.legalmondo.com\/pt-pt\/network\/caroline-barbe\/","title":{"rendered":"Caroline Barbe"},"content":{"rendered":"<p>Caroline Barbe \u00e9 uma advogada especializada em direito do trabalho e do emprego. Fez o seu juramento em 2008 e juntou-se \u00e0 equipa do Solucial Avocats primeiro como associada e tornou-se s\u00f3cia em 2012.<\/p>\n<p>Aconselha e assiste exclusivamente empresas em diferentes situa\u00e7\u00f5es como a mobilidade internacional de trabalhadores, negocia\u00e7\u00f5es individuais e colectivas, planos de reforma, despedimentos, lit\u00edgios laborais ou rela\u00e7\u00f5es com as Administra\u00e7\u00f5es do Trabalho.<\/p>\n<p>Caroline fala regularmente sobre a atualidade jur\u00eddica laboral na C\u00e2mara de Com\u00e9rcio Franco-Belga e noutros clubes de RH. Caroline tamb\u00e9m d\u00e1 forma\u00e7\u00e3o aos RH e aos gestores sobre diferentes temas relacionados com o direito do trabalho.<\/p>\n<p>\u00c9 membro ativo da Associa\u00e7\u00e3o Internacional de Jovens Advogados (AIJA) e acaba de ser nomeada Vice-Presidente da sua Comiss\u00e3o de Direito do Trabalho; \u00e9 tamb\u00e9m membro da Comiss\u00e3o Internacional da Ordem dos Advogados de Lille e membro ativo da associa\u00e7\u00e3o CJD (Young Leaders Committee).<\/p>\n<p>A Caroline fala fluentemente franc\u00eas e ingl\u00eas.<\/p>\n<p>Traduzido com a vers\u00e3o gratuita do tradutor &#8211; DeepL.com<\/p>\n","protected":false},"excerpt":{"rendered":"<p>Caroline Barbe is a lawyer specialized in Labour and Employment law. She took her oath in 2008 and joined Solucial Avocats\u2019 team first as an associate and became a partner in 2012.<\/p>\n","protected":false},"author":145,"featured_media":24128,"template":"","sector":[12623],"country":[11586,12232,12234],"skill":[12535],"class_list":["post-31044","vendor","type-vendor","status-publish","has-post-thumbnail","hentry","sector-legal-en-pt-pt","country-fr-ru-pt-pt","country-lille-pt-pt","country-paris-pt-pt","skill-labor-pt-pt"],"acf":[],"_links":{"self":[{"href":"https:\/\/www.legalmondo.com\/pt-pt\/wp-json\/wp\/v2\/vendor\/31044","targetHints":{"allow":["GET"]}}],"collection":[{"href":"https:\/\/www.legalmondo.com\/pt-pt\/wp-json\/wp\/v2\/vendor"}],"about":[{"href":"https:\/\/www.legalmondo.com\/pt-pt\/wp-json\/wp\/v2\/types\/vendor"}],"author":[{"embeddable":true,"href":"https:\/\/www.legalmondo.com\/pt-pt\/wp-json\/wp\/v2\/users\/145"}],"wp:featuredmedia":[{"embeddable":true,"href":"https:\/\/www.legalmondo.com\/pt-pt\/wp-json\/wp\/v2\/media\/24128"}],"wp:attachment":[{"href":"https:\/\/www.legalmondo.com\/pt-pt\/wp-json\/wp\/v2\/media?parent=31044"}],"wp:term":[{"taxonomy":"sector","embeddable":true,"href":"https:\/\/www.legalmondo.com\/pt-pt\/wp-json\/wp\/v2\/sector?post=31044"},{"taxonomy":"country","embeddable":true,"href":"https:\/\/www.legalmondo.com\/pt-pt\/wp-json\/wp\/v2\/country?post=31044"},{"taxonomy":"skill","embeddable":true,"href":"https:\/\/www.legalmondo.com\/pt-pt\/wp-json\/wp\/v2\/skill?post=31044"}],"curies":[{"name":"wp","href":"https:\/\/api.w.org\/{rel}","templated":true}]}}

<p>Caroline Barbe é uma advogada especializada em direito do trabalho e do emprego. Fez o seu juramento em 2008 e juntou-se à equipa do Solucial Avocats primeiro como associada e tornou-se sócia em 2012.</p>
<p>Aconselha e assiste exclusivamente empresas em diferentes situações como a mobilidade internacional de trabalhadores, negociações individuais e colectivas, planos de reforma, despedimentos, litígios laborais ou relações com as Administrações do Trabalho.</p>
<p>Caroline fala regularmente sobre a atualidade jurídica laboral na Câmara de Comércio Franco-Belga e noutros clubes de RH. Caroline também dá formação aos RH e aos gestores sobre diferentes temas relacionados com o direito do trabalho.</p>
<p>É membro ativo da Associação Internacional de Jovens Advogados (AIJA) e acaba de ser nomeada Vice-Presidente da sua Comissão de Direito do Trabalho; é também membro da Comissão Internacional da Ordem dos Advogados de Lille e membro ativo da associação CJD (Young Leaders Committee).</p>
<p>A Caroline fala fluentemente francês e inglês.</p>
<p>Traduzido com a versão gratuita do tradutor &#8211; DeepL.com</p>
