{"id":31016,"date":"2023-08-28T21:55:43","date_gmt":"2023-08-28T19:55:43","guid":{"rendered":"https:\/\/www.legalmondo.com\/network\/carlos-carneiro-gomes\/"},"modified":"2024-11-07T23:23:36","modified_gmt":"2024-11-07T22:23:36","slug":"carlos-carneiro-gomes","status":"publish","type":"vendor","link":"https:\/\/www.legalmondo.com\/pt-pt\/network\/carlos-carneiro-gomes\/","title":{"rendered":"Carlos Carneiro Gomes"},"content":{"rendered":"<p>Carlos Carneiro Gomes \u00e9 cofundador e atualmente s\u00f3cio-gerente s\u00e9nior da \u201cPMCG, Sociedade de Advogados\u201d, uma sociedade de advogados portuguesa independente. Licenciou-se na Faculdade de Direito de Lisboa e foi admitido na Ordem dos Advogados em 1992. De 1992 a 1998, exerceu a sua atividade profissional como advogado em processos de liquida\u00e7\u00e3o de institui\u00e7\u00f5es de cr\u00e9dito e sociedades financeiras sob a supervis\u00e3o administrativa do Banco de Portugal.<br \/>\nEm 2000, o Carlos alargou a sua atividade \u00e0 \u00e1rea da insolv\u00eancia, abrangendo v\u00e1rios sectores econ\u00f3micos e tipos de entidades jur\u00eddicas. A sua atividade abrange os processos de pr\u00e9-insolv\u00eancia, de reestrutura\u00e7\u00e3o e de liquida\u00e7\u00e3o de empresas. Representa frequentemente as comiss\u00f5es de credores e assegura a representa\u00e7\u00e3o legal de massas insolventes em ac\u00e7\u00f5es judiciais relacionadas com actividades de liquida\u00e7\u00e3o. O Carlos tamb\u00e9m representa v\u00e1rias Entidades Insolventes em processos de insolv\u00eancia transnacionais complexos na UE.<br \/>\n\u00c9 falante nativo de portugu\u00eas e fala ingl\u00eas, espanhol, franc\u00eas, italiano e alem\u00e3o.<\/p>\n","protected":false},"excerpt":{"rendered":"<p>Carlos Carneiro Gomes \u00e9 cofundador e atualmente s\u00f3cio-gerente s\u00e9nior da \u201cPMCG, Sociedade de Advogados\u201d, uma sociedade de advogados portuguesa independente. Licenciou-se na Faculdade de Direito de Lisboa e foi admitido na Ordem dos Advogados em 1992. De 1992 a 1998, exerceu a sua atividade profissional como advogado em processos de liquida\u00e7\u00e3o de institui\u00e7\u00f5es de cr\u00e9dito [&hellip;]<\/p>\n","protected":false},"author":707,"featured_media":27794,"template":"","sector":[12623],"country":[12295,11629],"skill":[12537,12509,12530,12553,12532],"class_list":["post-31016","vendor","type-vendor","status-publish","has-post-thumbnail","hentry","sector-legal-en-pt-pt","country-lisbon-pt-pt","country-pt-pt-pt","skill-litigation-pt-pt","skill-corporate-pt-pt","skill-insolvency-pt-pt","skill-trademarks-and-patents-pt-pt","skill-intellectual-property-pt-pt"],"acf":[],"_links":{"self":[{"href":"https:\/\/www.legalmondo.com\/pt-pt\/wp-json\/wp\/v2\/vendor\/31016","targetHints":{"allow":["GET"]}}],"collection":[{"href":"https:\/\/www.legalmondo.com\/pt-pt\/wp-json\/wp\/v2\/vendor"}],"about":[{"href":"https:\/\/www.legalmondo.com\/pt-pt\/wp-json\/wp\/v2\/types\/vendor"}],"author":[{"embeddable":true,"href":"https:\/\/www.legalmondo.com\/pt-pt\/wp-json\/wp\/v2\/users\/707"}],"wp:featuredmedia":[{"embeddable":true,"href":"https:\/\/www.legalmondo.com\/pt-pt\/wp-json\/wp\/v2\/media\/27794"}],"wp:attachment":[{"href":"https:\/\/www.legalmondo.com\/pt-pt\/wp-json\/wp\/v2\/media?parent=31016"}],"wp:term":[{"taxonomy":"sector","embeddable":true,"href":"https:\/\/www.legalmondo.com\/pt-pt\/wp-json\/wp\/v2\/sector?post=31016"},{"taxonomy":"country","embeddable":true,"href":"https:\/\/www.legalmondo.com\/pt-pt\/wp-json\/wp\/v2\/country?post=31016"},{"taxonomy":"skill","embeddable":true,"href":"https:\/\/www.legalmondo.com\/pt-pt\/wp-json\/wp\/v2\/skill?post=31016"}],"curies":[{"name":"wp","href":"https:\/\/api.w.org\/{rel}","templated":true}]}}

<p>Carlos Carneiro Gomes é cofundador e atualmente sócio-gerente sénior da “PMCG, Sociedade de Advogados”, uma sociedade de advogados portuguesa independente. Licenciou-se na Faculdade de Direito de Lisboa e foi admitido na Ordem dos Advogados em 1992. De 1992 a 1998, exerceu a sua atividade profissional como advogado em processos de liquidação de instituições de crédito e sociedades financeiras sob a supervisão administrativa do Banco de Portugal.<br />
Em 2000, o Carlos alargou a sua atividade à área da insolvência, abrangendo vários sectores económicos e tipos de entidades jurídicas. A sua atividade abrange os processos de pré-insolvência, de reestruturação e de liquidação de empresas. Representa frequentemente as comissões de credores e assegura a representação legal de massas insolventes em acções judiciais relacionadas com actividades de liquidação. O Carlos também representa várias Entidades Insolventes em processos de insolvência transnacionais complexos na UE.<br />
É falante nativo de português e fala inglês, espanhol, francês, italiano e alemão.</p>

<p>Carlos Carneiro Gomes é cofundador e atualmente sócio-gerente sénior da “PMCG, Sociedade de Advogados”, uma sociedade de advogados portuguesa independente. Licenciou-se na Faculdade de Direito de Lisboa e foi admitido na Ordem dos Advogados em 1992. De 1992 a 1998, exerceu a sua atividade profissional como advogado em processos de liquidação de instituições de crédito [&hellip;]</p>
