{"id":30980,"date":"2023-07-05T08:30:39","date_gmt":"2023-07-05T06:30:39","guid":{"rendered":"https:\/\/www.legalmondo.com\/network\/bernd-hauck\/"},"modified":"2024-11-05T23:09:10","modified_gmt":"2024-11-05T22:09:10","slug":"bernd-hauck","status":"publish","type":"vendor","link":"https:\/\/www.legalmondo.com\/pt-pt\/network\/bernd-hauck\/","title":{"rendered":"Bernd Hauck"},"content":{"rendered":"<p>Ap\u00f3s ter conclu\u00eddo o 1\u00ba e 2\u00ba exames da Ordem dos Advogados na Alemanha (2002 e 2004), o Bernd prestou os exames necess\u00e1rios para a admiss\u00e3o na Ordem dos Advogados do Cant\u00e3o de Basileia-Stadt (2007) e obteve o seu doutoramento (Dr. iur.) pela Universidade de Basileia. Desde 2007, Bernd est\u00e1 inscrito na Ordem dos Advogados da Su\u00ed\u00e7a e da Alemanha.<br \/>\nA sua atividade centra-se em contratos de constru\u00e7\u00e3o (contratos SIA e KBOB), contratos de engenharia e design (em particular modelos de contratos SIA e KBOB) e direito dos contratos p\u00fablicos, com especial incid\u00eancia em temas de sustentabilidade. Al\u00e9m disso, o Bernd presta aconselhamento nos dom\u00ednios do direito comercial (em particular, contratos complexos e TCG) e do direito do trabalho (em particular, quest\u00f5es transfronteiri\u00e7as e mobilidade global).<br \/>\nO Bernd d\u00e1 regularmente palestras sobre os temas acima referidos. Tamb\u00e9m organiza cursos de forma\u00e7\u00e3o para empresas com interesse nesta \u00e1rea. Bernd Hauck \u00e9 respons\u00e1vel pelo Grupo de Pr\u00e1tica de Constru\u00e7\u00e3o e Imobili\u00e1rio da Kellerhals Carrard e um orador frequente em confer\u00eancias e semin\u00e1rios nacionais e internacionais, especialmente no sector da constru\u00e7\u00e3o.<br \/>\nA sua atividade inclui a condu\u00e7\u00e3o de processos de contencioso civil e arbitragem nacionais e internacionais. Bernd Hauck \u00e9 membro de v\u00e1rias associa\u00e7\u00f5es jur\u00eddicas e beneficia de uma excelente rede internacional de contactos. O Bernd \u00e9 falante nativo de alem\u00e3o e fala fluentemente ingl\u00eas e franc\u00eas.<\/p>\n","protected":false},"excerpt":{"rendered":"<p>Ap\u00f3s ter conclu\u00eddo o 1\u00ba e 2\u00ba exames da Ordem dos Advogados na Alemanha (2002 e 2004), o Bernd prestou os exames necess\u00e1rios para a admiss\u00e3o na Ordem dos Advogados do Cant\u00e3o de Basileia-Stadt (2007) e obteve o seu doutoramento (Dr. iur.) pela Universidade de Basileia. Desde 2007, Bernd est\u00e1 inscrito na Ordem dos Advogados [&hellip;]<\/p>\n","protected":false},"author":701,"featured_media":27603,"template":"","sector":[12623],"country":[12313,11641],"skill":[12494,12545,12538,12492],"class_list":["post-30980","vendor","type-vendor","status-publish","has-post-thumbnail","hentry","sector-legal-en-pt-pt","country-basel-pt-pt","country-ch-pt-pt","skill-arbitration-pt-pt","skill-real-estate-pt-pt","skill-ma-pt-pt","skill-alternative-dispute-resolution-pt-pt"],"acf":[],"_links":{"self":[{"href":"https:\/\/www.legalmondo.com\/pt-pt\/wp-json\/wp\/v2\/vendor\/30980","targetHints":{"allow":["GET"]}}],"collection":[{"href":"https:\/\/www.legalmondo.com\/pt-pt\/wp-json\/wp\/v2\/vendor"}],"about":[{"href":"https:\/\/www.legalmondo.com\/pt-pt\/wp-json\/wp\/v2\/types\/vendor"}],"author":[{"embeddable":true,"href":"https:\/\/www.legalmondo.com\/pt-pt\/wp-json\/wp\/v2\/users\/701"}],"wp:featuredmedia":[{"embeddable":true,"href":"https:\/\/www.legalmondo.com\/pt-pt\/wp-json\/wp\/v2\/media\/27603"}],"wp:attachment":[{"href":"https:\/\/www.legalmondo.com\/pt-pt\/wp-json\/wp\/v2\/media?parent=30980"}],"wp:term":[{"taxonomy":"sector","embeddable":true,"href":"https:\/\/www.legalmondo.com\/pt-pt\/wp-json\/wp\/v2\/sector?post=30980"},{"taxonomy":"country","embeddable":true,"href":"https:\/\/www.legalmondo.com\/pt-pt\/wp-json\/wp\/v2\/country?post=30980"},{"taxonomy":"skill","embeddable":true,"href":"https:\/\/www.legalmondo.com\/pt-pt\/wp-json\/wp\/v2\/skill?post=30980"}],"curies":[{"name":"wp","href":"https:\/\/api.w.org\/{rel}","templated":true}]}}

<p>Após ter concluído o 1º e 2º exames da Ordem dos Advogados na Alemanha (2002 e 2004), o Bernd prestou os exames necessários para a admissão na Ordem dos Advogados do Cantão de Basileia-Stadt (2007) e obteve o seu doutoramento (Dr. iur.) pela Universidade de Basileia. Desde 2007, Bernd está inscrito na Ordem dos Advogados da Suíça e da Alemanha.<br />
A sua atividade centra-se em contratos de construção (contratos SIA e KBOB), contratos de engenharia e design (em particular modelos de contratos SIA e KBOB) e direito dos contratos públicos, com especial incidência em temas de sustentabilidade. Além disso, o Bernd presta aconselhamento nos domínios do direito comercial (em particular, contratos complexos e TCG) e do direito do trabalho (em particular, questões transfronteiriças e mobilidade global).<br />
O Bernd dá regularmente palestras sobre os temas acima referidos. Também organiza cursos de formação para empresas com interesse nesta área. Bernd Hauck é responsável pelo Grupo de Prática de Construção e Imobiliário da Kellerhals Carrard e um orador frequente em conferências e seminários nacionais e internacionais, especialmente no sector da construção.<br />
A sua atividade inclui a condução de processos de contencioso civil e arbitragem nacionais e internacionais. Bernd Hauck é membro de várias associações jurídicas e beneficia de uma excelente rede internacional de contactos. O Bernd é falante nativo de alemão e fala fluentemente inglês e francês.</p>

<p>Após ter concluído o 1º e 2º exames da Ordem dos Advogados na Alemanha (2002 e 2004), o Bernd prestou os exames necessários para a admissão na Ordem dos Advogados do Cantão de Basileia-Stadt (2007) e obteve o seu doutoramento (Dr. iur.) pela Universidade de Basileia. Desde 2007, Bernd está inscrito na Ordem dos Advogados [&hellip;]</p>
