{"id":30930,"date":"2023-03-15T21:12:40","date_gmt":"2023-03-15T20:12:40","guid":{"rendered":"https:\/\/www.legalmondo.com\/network\/angel-iglesias-molero\/"},"modified":"2024-11-05T22:42:16","modified_gmt":"2024-11-05T21:42:16","slug":"angel-iglesias-molero","status":"publish","type":"vendor","link":"https:\/\/www.legalmondo.com\/pt-pt\/network\/angel-iglesias-molero\/","title":{"rendered":"Angel Iglesias Molero"},"content":{"rendered":"<p>Angel Iglesias \u00e9 um advogado espanhol com mais de 20 anos de experi\u00eancia, principalmente nas \u00e1reas comercial, societ\u00e1ria, imobili\u00e1ria e de contrata\u00e7\u00e3o, prestando assist\u00eancia jur\u00eddica nos referidos dom\u00ednios, tanto numa fase preventiva como contenciosa perante os tribunais.<br \/>\nLicenciado em Direito em Cat\u00e2nia (It\u00e1lia) e homologado em Barcelona em 2003, possui um mestrado em consultoria fiscal na Esade (2006) e outros cursos como direito das fal\u00eancias (2012) e direito farmac\u00eautico (2015), entre outros. Est\u00e1 inscrito na Ordem dos Advogados de Barcelona desde 2003 e \u00e9 o s\u00f3cio fundador e diretor da Lextelier.<br \/>\nAo longo dos anos especializou-se tamb\u00e9m na assessoria a start-ups tecnol\u00f3gicas, desde a sua constitui\u00e7\u00e3o at\u00e9 \u00e0s diferentes fases de crescimento e rondas de financiamento, bem como a empresas do sector farmac\u00eautico que promovem ensaios cl\u00ednicos com medicamentos, aplicados em seres humanos para avaliar a sua efic\u00e1cia e seguran\u00e7a.<br \/>\nMais recentemente, Angel tem vindo a entrar no excitante e desafiante mundo das novas tecnologias disruptivas, como as do campo do blockchain e da intelig\u00eancia artificial, aprofundando o seu ainda incipiente acervo jur\u00eddico que em breve mudar\u00e1 o mundo.<br \/>\nAs l\u00ednguas maternas de Angel s\u00e3o o espanhol, o catal\u00e3o e o italiano e fala fluentemente ingl\u00eas e franc\u00eas.<\/p>\n","protected":false},"excerpt":{"rendered":"<p>Angel Iglesias \u00e9 um advogado espanhol com mais de 20 anos de experi\u00eancia, principalmente nas \u00e1reas comercial, societ\u00e1ria, imobili\u00e1ria e de contrata\u00e7\u00e3o, prestando assist\u00eancia jur\u00eddica nos referidos dom\u00ednios, tanto numa fase preventiva como contenciosa perante os tribunais. Licenciado em Direito em Cat\u00e2nia (It\u00e1lia) e homologado em Barcelona em 2003, possui um mestrado em consultoria fiscal [&hellip;]<\/p>\n","protected":false},"author":694,"featured_media":21566,"template":"","sector":[12623],"country":[12304,11639],"skill":[12548,12508,12509,12496,12534],"class_list":["post-30930","vendor","type-vendor","status-publish","has-post-thumbnail","hentry","sector-legal-en-pt-pt","country-barcelona-pt-pt","country-es-pt-pt","skill-start-up-pt-pt","skill-contracts-pt-pt","skill-corporate-pt-pt","skill-artificial-intelligence-pt-pt","skill-investments-pt-pt"],"acf":[],"_links":{"self":[{"href":"https:\/\/www.legalmondo.com\/pt-pt\/wp-json\/wp\/v2\/vendor\/30930","targetHints":{"allow":["GET"]}}],"collection":[{"href":"https:\/\/www.legalmondo.com\/pt-pt\/wp-json\/wp\/v2\/vendor"}],"about":[{"href":"https:\/\/www.legalmondo.com\/pt-pt\/wp-json\/wp\/v2\/types\/vendor"}],"author":[{"embeddable":true,"href":"https:\/\/www.legalmondo.com\/pt-pt\/wp-json\/wp\/v2\/users\/694"}],"wp:featuredmedia":[{"embeddable":true,"href":"https:\/\/www.legalmondo.com\/pt-pt\/wp-json\/wp\/v2\/media\/21566"}],"wp:attachment":[{"href":"https:\/\/www.legalmondo.com\/pt-pt\/wp-json\/wp\/v2\/media?parent=30930"}],"wp:term":[{"taxonomy":"sector","embeddable":true,"href":"https:\/\/www.legalmondo.com\/pt-pt\/wp-json\/wp\/v2\/sector?post=30930"},{"taxonomy":"country","embeddable":true,"href":"https:\/\/www.legalmondo.com\/pt-pt\/wp-json\/wp\/v2\/country?post=30930"},{"taxonomy":"skill","embeddable":true,"href":"https:\/\/www.legalmondo.com\/pt-pt\/wp-json\/wp\/v2\/skill?post=30930"}],"curies":[{"name":"wp","href":"https:\/\/api.w.org\/{rel}","templated":true}]}}

<p>Angel Iglesias é um advogado espanhol com mais de 20 anos de experiência, principalmente nas áreas comercial, societária, imobiliária e de contratação, prestando assistência jurídica nos referidos domínios, tanto numa fase preventiva como contenciosa perante os tribunais.<br />
Licenciado em Direito em Catânia (Itália) e homologado em Barcelona em 2003, possui um mestrado em consultoria fiscal na Esade (2006) e outros cursos como direito das falências (2012) e direito farmacêutico (2015), entre outros. Está inscrito na Ordem dos Advogados de Barcelona desde 2003 e é o sócio fundador e diretor da Lextelier.<br />
Ao longo dos anos especializou-se também na assessoria a start-ups tecnológicas, desde a sua constituição até às diferentes fases de crescimento e rondas de financiamento, bem como a empresas do sector farmacêutico que promovem ensaios clínicos com medicamentos, aplicados em seres humanos para avaliar a sua eficácia e segurança.<br />
Mais recentemente, Angel tem vindo a entrar no excitante e desafiante mundo das novas tecnologias disruptivas, como as do campo do blockchain e da inteligência artificial, aprofundando o seu ainda incipiente acervo jurídico que em breve mudará o mundo.<br />
As línguas maternas de Angel são o espanhol, o catalão e o italiano e fala fluentemente inglês e francês.</p>

<p>Angel Iglesias é um advogado espanhol com mais de 20 anos de experiência, principalmente nas áreas comercial, societária, imobiliária e de contratação, prestando assistência jurídica nos referidos domínios, tanto numa fase preventiva como contenciosa perante os tribunais. Licenciado em Direito em Catânia (Itália) e homologado em Barcelona em 2003, possui um mestrado em consultoria fiscal [&hellip;]</p>
