{"id":27968,"date":"2023-09-18T22:02:59","date_gmt":"2023-09-18T20:02:59","guid":{"rendered":"https:\/\/www.legalmondo.com\/network\/pieter-van-den-broeck\/"},"modified":"2023-09-18T22:11:52","modified_gmt":"2023-09-18T20:11:52","slug":"pieter-van-den-broeck","status":"publish","type":"vendor","link":"https:\/\/www.legalmondo.com\/it\/network\/pieter-van-den-broeck\/","title":{"rendered":"Pieter Van den Broeck"},"content":{"rendered":"<p>Pieter \u00e8 specializzato in diritto societario in generale e si concentra sulle transazioni (ad esempio, fusioni, acquisizioni, PE\/VC, trasferimento di imprese familiari, ristrutturazioni, ecc. Inoltre, Pieter ha una vasta esperienza nel contenzioso societario (in particolare nelle controversie con gli azionisti, nella responsabilit\u00e0 degli amministratori e nel contenzioso post-acquisizione).<\/p>\n<p>Pieter assiste societ\u00e0 belghe e straniere che desiderano investire o cedere attivit\u00e0 belghe. Gran parte del suo lavoro comporta aspetti transfrontalieri, con particolare attenzione ai Paesi Bassi.<\/p>\n<p>Pieter \u00e8 vicepresidente del nostro gruppo di pratica Corporate-M&amp;A ed \u00e8 membro del comitato internazionale del suo studio legale, responsabile delle nostre attivit\u00e0 internazionali e del networking\/sviluppo del business.<\/p>\n<p>\u00c8 inoltre attivo presso la BCFA (Belgian Corporate Finance Association), la BVA (Belgian Venture Capital Association) e l&#8217;AIJA (International Association of Young Lawyers), di cui \u00e8 stato membro del Comitato esecutivo da agosto 2011 ad agosto 2023.<\/p>\n<p>Pieter \u00e8 regolarmente relatore su argomenti di diritto societario e M&amp;A in seminari e conferenze in Belgio e all&#8217;estero.<\/p>\n<p>Vive tra Bruxelles e Anversa e lavora ad Anversa, Bruxelles e Gand.<\/p>\n<p>Pieter \u00e8 di madrelingua olandese e parla correntemente anche inglese e francese.<\/p>\n","protected":false},"excerpt":{"rendered":"<p>Pieter \u00e8 specializzato in diritto societario in generale e si concentra sulle transazioni (ad esempio, fusioni, acquisizioni, PE\/VC, trasferimento di imprese familiari, ristrutturazioni, ecc. Inoltre, Pieter ha una vasta esperienza nel contenzioso societario (in particolare nelle controversie con gli azionisti, nella responsabilit\u00e0 degli amministratori e nel contenzioso post-acquisizione). Pieter assiste societ\u00e0 belghe e straniere che [&hellip;]<\/p>\n","protected":false},"author":711,"featured_media":34233,"template":"","sector":[195],"country":[119,6335],"skill":[134,844,288,426,2228],"class_list":["post-27968","vendor","type-vendor","status-publish","has-post-thumbnail","hentry","sector-legal-it","country-be-it","country-antwerp-it","skill-diritto-societario","skill-foreign-investments-it","skill-ma_it","skill-private-equity-it","skill-start-up-it"],"acf":[],"_links":{"self":[{"href":"https:\/\/www.legalmondo.com\/it\/wp-json\/wp\/v2\/vendor\/27968","targetHints":{"allow":["GET"]}}],"collection":[{"href":"https:\/\/www.legalmondo.com\/it\/wp-json\/wp\/v2\/vendor"}],"about":[{"href":"https:\/\/www.legalmondo.com\/it\/wp-json\/wp\/v2\/types\/vendor"}],"author":[{"embeddable":true,"href":"https:\/\/www.legalmondo.com\/it\/wp-json\/wp\/v2\/users\/711"}],"wp:featuredmedia":[{"embeddable":true,"href":"https:\/\/www.legalmondo.com\/it\/wp-json\/wp\/v2\/media\/34233"}],"wp:attachment":[{"href":"https:\/\/www.legalmondo.com\/it\/wp-json\/wp\/v2\/media?parent=27968"}],"wp:term":[{"taxonomy":"sector","embeddable":true,"href":"https:\/\/www.legalmondo.com\/it\/wp-json\/wp\/v2\/sector?post=27968"},{"taxonomy":"country","embeddable":true,"href":"https:\/\/www.legalmondo.com\/it\/wp-json\/wp\/v2\/country?post=27968"},{"taxonomy":"skill","embeddable":true,"href":"https:\/\/www.legalmondo.com\/it\/wp-json\/wp\/v2\/skill?post=27968"}],"curies":[{"name":"wp","href":"https:\/\/api.w.org\/{rel}","templated":true}]}}

<p>Pieter è specializzato in diritto societario in generale e si concentra sulle transazioni (ad esempio, fusioni, acquisizioni, PE/VC, trasferimento di imprese familiari, ristrutturazioni, ecc. Inoltre, Pieter ha una vasta esperienza nel contenzioso societario (in particolare nelle controversie con gli azionisti, nella responsabilità degli amministratori e nel contenzioso post-acquisizione).</p>
<p>Pieter assiste società belghe e straniere che desiderano investire o cedere attività belghe. Gran parte del suo lavoro comporta aspetti transfrontalieri, con particolare attenzione ai Paesi Bassi.</p>
<p>Pieter è vicepresidente del nostro gruppo di pratica Corporate-M&amp;A ed è membro del comitato internazionale del suo studio legale, responsabile delle nostre attività internazionali e del networking/sviluppo del business.</p>
<p>È inoltre attivo presso la BCFA (Belgian Corporate Finance Association), la BVA (Belgian Venture Capital Association) e l&#8217;AIJA (International Association of Young Lawyers), di cui è stato membro del Comitato esecutivo da agosto 2011 ad agosto 2023.</p>
<p>Pieter è regolarmente relatore su argomenti di diritto societario e M&amp;A in seminari e conferenze in Belgio e all&#8217;estero.</p>
<p>Vive tra Bruxelles e Anversa e lavora ad Anversa, Bruxelles e Gand.</p>
<p>Pieter è di madrelingua olandese e parla correntemente anche inglese e francese.</p>

<p>Pieter è specializzato in diritto societario in generale e si concentra sulle transazioni (ad esempio, fusioni, acquisizioni, PE/VC, trasferimento di imprese familiari, ristrutturazioni, ecc. Inoltre, Pieter ha una vasta esperienza nel contenzioso societario (in particolare nelle controversie con gli azionisti, nella responsabilità degli amministratori e nel contenzioso post-acquisizione). Pieter assiste società belghe e straniere che [&hellip;]</p>
