{"id":27406,"date":"2023-05-22T21:30:30","date_gmt":"2023-05-22T19:30:30","guid":{"rendered":"https:\/\/www.legalmondo.com\/network\/arpad-gered\/"},"modified":"2024-11-05T22:52:25","modified_gmt":"2024-11-05T21:52:25","slug":"arpad-gered","status":"publish","type":"vendor","link":"https:\/\/www.legalmondo.com\/it\/network\/arpad-gered\/","title":{"rendered":"\u00c1rp\u00e1d Ger\u00e9d"},"content":{"rendered":"<p>\u00c1rp\u00e1d Ger\u00e9d \u00e8 un avvocato attivo a livello internazionale e socio fondatore dello studio legale d&#8217;affari viennese MGLP Rechtsanw\u00e4lte. In precedenza, \u00e8 stato partner di un rinomato studio legale di Vienna e consulente interno di un&#8217;importante azienda internazionale del settore ICT.<\/p>\n<p>Con una passione per tutto ci\u00f2 che riguarda le tecnologie dell&#8217;informazione, \u00c1rp\u00e1d si \u00e8 specializzato nella consulenza e nella negoziazione di accordi legati alla tecnologia, compresi gli aspetti legati all&#8217;occupazione, come il trasferimento o il distacco di dipendenti e le negoziazioni con i comitati aziendali. Nella sua area di lavoro, ha una forte attenzione per il cloud computing, la cybersecurity e la protezione dei dati. \u00c1rp\u00e1d combina il know-how tecnologico con l&#8217;esperienza legale, permettendogli di comunicare allo stesso modo con i decisori aziendali e informatici, un&#8217;abilit\u00e0 che i suoi clienti apprezzano molto.<\/p>\n<p>\u00c1rp\u00e1d parla regolarmente di argomenti legati alla tecnologia, come il furto di dati, la sorveglianza elettronica dei dipendenti, i contratti di cloud computing e l&#8217;interazione tra cybersecurity e protezione dei dati sia in Austria che all&#8217;estero. \u00c8 anche (co)autore di molte pubblicazioni di rilievo su questi argomenti. Inoltre, \u00e8 revisore accreditato presso lo StarAudit, specializzato in Software as a Service, revisore di \u00d6-Cloud, un marchio di qualit\u00e0 per i servizi cloud supportato dal governo austriaco, esperto di privacy accreditato (CIPP\/E), docente nel programma di master &#8220;Ingegneria del Cloud Computing&#8221; presso l&#8217;Universit\u00e0 di Scienze Applicate del Burgenland.<\/p>\n<p>\u00c1rp\u00e1d parla e fornisce consulenza non solo in inglese e tedesco, ma anche in francese, ungherese e rumeno.<\/p>\n","protected":false},"excerpt":{"rendered":"<p>\u00c1rp\u00e1d Ger\u00e9d \u00e8 un avvocato attivo a livello internazionale e socio fondatore dello studio legale d&#8217;affari viennese MGLP Rechtsanw\u00e4lte. In precedenza, \u00e8 stato partner di un rinomato studio legale di Vienna e consulente interno di un&#8217;importante azienda internazionale del settore ICT. Con una passione per tutto ci\u00f2 che riguarda le tecnologie dell&#8217;informazione, \u00c1rp\u00e1d si \u00e8 [&hellip;]<\/p>\n","protected":false},"author":697,"featured_media":27401,"template":"","sector":[195],"country":[117,118],"skill":[166,867,4937,3047,3131],"class_list":["post-27406","vendor","type-vendor","status-publish","has-post-thumbnail","hentry","sector-legal-it","country-at-it","country-vienna-it","skill-lavoro","skill-compliance-it","skill-artificial-intelligence-it","skill-privacy-and-data-security-it","skill-information-technology-it"],"acf":[],"_links":{"self":[{"href":"https:\/\/www.legalmondo.com\/it\/wp-json\/wp\/v2\/vendor\/27406","targetHints":{"allow":["GET"]}}],"collection":[{"href":"https:\/\/www.legalmondo.com\/it\/wp-json\/wp\/v2\/vendor"}],"about":[{"href":"https:\/\/www.legalmondo.com\/it\/wp-json\/wp\/v2\/types\/vendor"}],"author":[{"embeddable":true,"href":"https:\/\/www.legalmondo.com\/it\/wp-json\/wp\/v2\/users\/697"}],"wp:featuredmedia":[{"embeddable":true,"href":"https:\/\/www.legalmondo.com\/it\/wp-json\/wp\/v2\/media\/27401"}],"wp:attachment":[{"href":"https:\/\/www.legalmondo.com\/it\/wp-json\/wp\/v2\/media?parent=27406"}],"wp:term":[{"taxonomy":"sector","embeddable":true,"href":"https:\/\/www.legalmondo.com\/it\/wp-json\/wp\/v2\/sector?post=27406"},{"taxonomy":"country","embeddable":true,"href":"https:\/\/www.legalmondo.com\/it\/wp-json\/wp\/v2\/country?post=27406"},{"taxonomy":"skill","embeddable":true,"href":"https:\/\/www.legalmondo.com\/it\/wp-json\/wp\/v2\/skill?post=27406"}],"curies":[{"name":"wp","href":"https:\/\/api.w.org\/{rel}","templated":true}]}}

Árpád Geréd

<p>Árpád Geréd è un avvocato attivo a livello internazionale e socio fondatore dello studio legale d&#8217;affari viennese MGLP Rechtsanwälte. In precedenza, è stato partner di un rinomato studio legale di Vienna e consulente interno di un&#8217;importante azienda internazionale del settore ICT.</p>
<p>Con una passione per tutto ciò che riguarda le tecnologie dell&#8217;informazione, Árpád si è specializzato nella consulenza e nella negoziazione di accordi legati alla tecnologia, compresi gli aspetti legati all&#8217;occupazione, come il trasferimento o il distacco di dipendenti e le negoziazioni con i comitati aziendali. Nella sua area di lavoro, ha una forte attenzione per il cloud computing, la cybersecurity e la protezione dei dati. Árpád combina il know-how tecnologico con l&#8217;esperienza legale, permettendogli di comunicare allo stesso modo con i decisori aziendali e informatici, un&#8217;abilità che i suoi clienti apprezzano molto.</p>
<p>Árpád parla regolarmente di argomenti legati alla tecnologia, come il furto di dati, la sorveglianza elettronica dei dipendenti, i contratti di cloud computing e l&#8217;interazione tra cybersecurity e protezione dei dati sia in Austria che all&#8217;estero. È anche (co)autore di molte pubblicazioni di rilievo su questi argomenti. Inoltre, è revisore accreditato presso lo StarAudit, specializzato in Software as a Service, revisore di Ö-Cloud, un marchio di qualità per i servizi cloud supportato dal governo austriaco, esperto di privacy accreditato (CIPP/E), docente nel programma di master &#8220;Ingegneria del Cloud Computing&#8221; presso l&#8217;Università di Scienze Applicate del Burgenland.</p>
<p>Árpád parla e fornisce consulenza non solo in inglese e tedesco, ma anche in francese, ungherese e rumeno.</p>

<p>Árpád Geréd è un avvocato attivo a livello internazionale e socio fondatore dello studio legale d&#8217;affari viennese MGLP Rechtsanwälte. In precedenza, è stato partner di un rinomato studio legale di Vienna e consulente interno di un&#8217;importante azienda internazionale del settore ICT. Con una passione per tutto ciò che riguarda le tecnologie dell&#8217;informazione, Árpád si è [&hellip;]</p>
