{"id":27383,"date":"2023-05-17T19:47:29","date_gmt":"2023-05-17T17:47:29","guid":{"rendered":"https:\/\/www.legalmondo.com\/network\/sonia-gumpert\/"},"modified":"2023-05-17T20:04:26","modified_gmt":"2023-05-17T18:04:26","slug":"sonia-gumpert","status":"publish","type":"vendor","link":"https:\/\/www.legalmondo.com\/it\/network\/sonia-gumpert\/","title":{"rendered":"Sonia Gumpert"},"content":{"rendered":"<p>Sonia si \u00e8 laureata in Giurisprudenza presso l&#8217;Universidad Aut\u00f3noma de Madrid e ha conseguito un Master in Diritto comunitario presso l&#8217;Universidad Pontificia de Comillas (ICADE).<\/p>\n<p>Si \u00e8 iscritta all&#8217;Ordine degli Avvocati di Madrid (ICAM) nel 1993 e nel giugno dello stesso anno \u00e8 entrata a far parte dello studio Monereo Meyer Abogados, di cui \u00e8 socia dal 2002.<\/p>\n<p>Sonia \u00e8 specializzata nella risoluzione delle controversie, nel contenzioso e nell&#8217;arbitrato in materia civile e commerciale, in particolare in questioni con elementi stranieri e nell&#8217;applicazione di convenzioni e norme di diritto internazionale privato.<\/p>\n<p>\u00c8 accademica corrispondente dell&#8217;Accademia Reale di Giurisprudenza e Legislazione di Spagna, membro onorario dell&#8217;Association International de Jeunes Avocats (AIJA) dall&#8217;agosto 2011 e membro dell&#8217;UIA (Union Internationale des Avocats).<\/p>\n<p>\u00c8 arbitro del Consiglio arbitrale per l&#8217;affitto della Comunit\u00e0 di Madrid, del Tribunale arbitrale dell&#8217;Associazione europea di arbitrato e del Centro arbitrale iberoamericano (CIAR).<\/p>\n<p>\u00c8 stata decano dell&#8217;Ordine degli avvocati di Madrid (2012-2017) e ha ricoperto le cariche di primo vicepresidente del Consiglio generale degli avvocati spagnoli, presidente dell&#8217;Unione interprofessionale della Comunit\u00e0 di Madrid e direttore della Fundaci\u00f3n Abogac\u00eda.<\/p>\n<p>Socio amministratore di Monereo Meyer Abogados negli anni dal 2017 al 2020.<\/p>\n<p>Parla spagnolo, tedesco e inglese.<\/p>\n","protected":false},"excerpt":{"rendered":"<p>Sonia si \u00e8 laureata in Giurisprudenza presso l&#8217;Universidad Aut\u00f3noma de Madrid e ha conseguito un Master in Diritto comunitario presso l&#8217;Universidad Pontificia de Comillas (ICADE). Si \u00e8 iscritta all&#8217;Ordine degli Avvocati di Madrid (ICAM) nel 1993 e nel giugno dello stesso anno \u00e8 entrata a far parte dello studio Monereo Meyer Abogados, di cui \u00e8 [&hellip;]<\/p>\n","protected":false},"author":696,"featured_media":34255,"template":"","sector":[195],"country":[182,183],"skill":[114,110,111,136],"class_list":["post-27383","vendor","type-vendor","status-publish","has-post-thumbnail","hentry","sector-legal-it","country-es-it","country-madrid-it","skill-contenzioso","skill-agenzia","skill-arbitrato","skill-contratti-di-distribuzione"],"acf":[],"_links":{"self":[{"href":"https:\/\/www.legalmondo.com\/it\/wp-json\/wp\/v2\/vendor\/27383","targetHints":{"allow":["GET"]}}],"collection":[{"href":"https:\/\/www.legalmondo.com\/it\/wp-json\/wp\/v2\/vendor"}],"about":[{"href":"https:\/\/www.legalmondo.com\/it\/wp-json\/wp\/v2\/types\/vendor"}],"author":[{"embeddable":true,"href":"https:\/\/www.legalmondo.com\/it\/wp-json\/wp\/v2\/users\/696"}],"wp:featuredmedia":[{"embeddable":true,"href":"https:\/\/www.legalmondo.com\/it\/wp-json\/wp\/v2\/media\/34255"}],"wp:attachment":[{"href":"https:\/\/www.legalmondo.com\/it\/wp-json\/wp\/v2\/media?parent=27383"}],"wp:term":[{"taxonomy":"sector","embeddable":true,"href":"https:\/\/www.legalmondo.com\/it\/wp-json\/wp\/v2\/sector?post=27383"},{"taxonomy":"country","embeddable":true,"href":"https:\/\/www.legalmondo.com\/it\/wp-json\/wp\/v2\/country?post=27383"},{"taxonomy":"skill","embeddable":true,"href":"https:\/\/www.legalmondo.com\/it\/wp-json\/wp\/v2\/skill?post=27383"}],"curies":[{"name":"wp","href":"https:\/\/api.w.org\/{rel}","templated":true}]}}

<p>Sonia si è laureata in Giurisprudenza presso l&#8217;Universidad Autónoma de Madrid e ha conseguito un Master in Diritto comunitario presso l&#8217;Universidad Pontificia de Comillas (ICADE).</p>
<p>Si è iscritta all&#8217;Ordine degli Avvocati di Madrid (ICAM) nel 1993 e nel giugno dello stesso anno è entrata a far parte dello studio Monereo Meyer Abogados, di cui è socia dal 2002.</p>
<p>Sonia è specializzata nella risoluzione delle controversie, nel contenzioso e nell&#8217;arbitrato in materia civile e commerciale, in particolare in questioni con elementi stranieri e nell&#8217;applicazione di convenzioni e norme di diritto internazionale privato.</p>
<p>È accademica corrispondente dell&#8217;Accademia Reale di Giurisprudenza e Legislazione di Spagna, membro onorario dell&#8217;Association International de Jeunes Avocats (AIJA) dall&#8217;agosto 2011 e membro dell&#8217;UIA (Union Internationale des Avocats).</p>
<p>È arbitro del Consiglio arbitrale per l&#8217;affitto della Comunità di Madrid, del Tribunale arbitrale dell&#8217;Associazione europea di arbitrato e del Centro arbitrale iberoamericano (CIAR).</p>
<p>È stata decano dell&#8217;Ordine degli avvocati di Madrid (2012-2017) e ha ricoperto le cariche di primo vicepresidente del Consiglio generale degli avvocati spagnoli, presidente dell&#8217;Unione interprofessionale della Comunità di Madrid e direttore della Fundación Abogacía.</p>
<p>Socio amministratore di Monereo Meyer Abogados negli anni dal 2017 al 2020.</p>
<p>Parla spagnolo, tedesco e inglese.</p>

<p>Sonia si è laureata in Giurisprudenza presso l&#8217;Universidad Autónoma de Madrid e ha conseguito un Master in Diritto comunitario presso l&#8217;Universidad Pontificia de Comillas (ICADE). Si è iscritta all&#8217;Ordine degli Avvocati di Madrid (ICAM) nel 1993 e nel giugno dello stesso anno è entrata a far parte dello studio Monereo Meyer Abogados, di cui è [&hellip;]</p>
