{"id":29444,"date":"2019-06-23T15:55:01","date_gmt":"2019-06-23T13:55:01","guid":{"rendered":"https:\/\/www.legalmondo.com\/network\/vincent-eicher\/"},"modified":"2024-05-15T22:55:21","modified_gmt":"2024-05-15T20:55:21","slug":"vincent-eicher","status":"publish","type":"vendor","link":"https:\/\/www.legalmondo.com\/fr\/network\/vincent-eicher\/","title":{"rendered":"Vincent Eicher"},"content":{"rendered":"<p>Vincent Eicher est un avocat fran\u00e7ais et associ\u00e9 d&rsquo;Alezan, un cabinet d&rsquo;avocats bas\u00e9 \u00e0 Paris.<\/p>\n<p>Il assiste ses clients en mati\u00e8re de droit des soci\u00e9t\u00e9s, les accompagnant dans la planification, la n\u00e9gociation et la mise en \u0153uvre d&rsquo;op\u00e9rations telles que l&rsquo;acquisition et la cession de participations ou d&rsquo;actifs, le transfert de fonds de commerce, les restructurations, les partenariats et leurs cons\u00e9quences (gestion de la responsabilit\u00e9, litiges entre actionnaires, proc\u00e9dures de faillite, etc.)<\/p>\n<p>Vincent traite \u00e9galement des questions li\u00e9es \u00e0 la cha\u00eene d&rsquo;approvisionnement en analysant les mod\u00e8les contractuels existants et en aidant \u00e0 la r\u00e9daction et\/ou \u00e0 la n\u00e9gociation de nouveaux accords (notamment : sous-traitance, production, distribution, concession de vente, agence, services, coop\u00e9ration, conditions g\u00e9n\u00e9rales). Il assiste \u00e9galement ses clients dans le cadre d&rsquo;appels d&rsquo;offres et de litiges li\u00e9s \u00e0 la r\u00e9siliation de ces relations contractuelles.<\/p>\n<p>N\u00e9 et \u00e9lev\u00e9 dans un environnement multiculturel avec des racines en France, en Asie et aux Etats-Unis, Vincent a toujours d\u00e9velopp\u00e9 sa carri\u00e8re professionnelle dans un contexte international.<\/p>\n<p>Il a \u00e9tudi\u00e9 \u00e0 l&rsquo;Universit\u00e9 de Dijon (France) et \u00e0 l&rsquo;Institut universitaire europ\u00e9en de Florence (Italie), a obtenu une licence en droit avec mention (1983) et un doctorat en droit international (1992).<\/p>\n<p>Avocat au Barreau de Paris depuis 1990, Vincent a travaill\u00e9 comme juriste chez Clifford Chance, comme chercheur au CNRS, comme juriste d&rsquo;entreprise chez AXA et, enfin, comme collaborateur puis associ\u00e9 dans diff\u00e9rents cabinets d&rsquo;avocats, dont le dernier en date est la cr\u00e9ation du cabinet Alezan en 2011.<\/p>\n<p>Il parle le fran\u00e7ais (langue maternelle), l&rsquo;anglais (couramment) et l&rsquo;italien.<\/p>\n","protected":false},"excerpt":{"rendered":"<p>Vincent Eicher, France, French, lawyer, Alezan, Paris, corporate, law, M&#038;A, restructuring, subcontracting, partnerships, manufacturing, tender, agreements.<\/p>\n","protected":false},"author":597,"featured_media":34183,"template":"","sector":[10819],"country":[10883,10887],"skill":[10849,10832,10829],"class_list":["post-29444","vendor","type-vendor","status-publish","has-post-thumbnail","hentry","sector-legal-en-fr","country-fr-fr","country-paris-fr","skill-contracts-fr","skill-corporate-fr","skill-litigation-fr"],"acf":[],"_links":{"self":[{"href":"https:\/\/www.legalmondo.com\/fr\/wp-json\/wp\/v2\/vendor\/29444","targetHints":{"allow":["GET"]}}],"collection":[{"href":"https:\/\/www.legalmondo.com\/fr\/wp-json\/wp\/v2\/vendor"}],"about":[{"href":"https:\/\/www.legalmondo.com\/fr\/wp-json\/wp\/v2\/types\/vendor"}],"author":[{"embeddable":true,"href":"https:\/\/www.legalmondo.com\/fr\/wp-json\/wp\/v2\/users\/597"}],"wp:featuredmedia":[{"embeddable":true,"href":"https:\/\/www.legalmondo.com\/fr\/wp-json\/wp\/v2\/media\/34183"}],"wp:attachment":[{"href":"https:\/\/www.legalmondo.com\/fr\/wp-json\/wp\/v2\/media?parent=29444"}],"wp:term":[{"taxonomy":"sector","embeddable":true,"href":"https:\/\/www.legalmondo.com\/fr\/wp-json\/wp\/v2\/sector?post=29444"},{"taxonomy":"country","embeddable":true,"href":"https:\/\/www.legalmondo.com\/fr\/wp-json\/wp\/v2\/country?post=29444"},{"taxonomy":"skill","embeddable":true,"href":"https:\/\/www.legalmondo.com\/fr\/wp-json\/wp\/v2\/skill?post=29444"}],"curies":[{"name":"wp","href":"https:\/\/api.w.org\/{rel}","templated":true}]}}

<p>Vincent Eicher est un avocat français et associé d&rsquo;Alezan, un cabinet d&rsquo;avocats basé à Paris.</p>
<p>Il assiste ses clients en matière de droit des sociétés, les accompagnant dans la planification, la négociation et la mise en œuvre d&rsquo;opérations telles que l&rsquo;acquisition et la cession de participations ou d&rsquo;actifs, le transfert de fonds de commerce, les restructurations, les partenariats et leurs conséquences (gestion de la responsabilité, litiges entre actionnaires, procédures de faillite, etc.)</p>
<p>Vincent traite également des questions liées à la chaîne d&rsquo;approvisionnement en analysant les modèles contractuels existants et en aidant à la rédaction et/ou à la négociation de nouveaux accords (notamment : sous-traitance, production, distribution, concession de vente, agence, services, coopération, conditions générales). Il assiste également ses clients dans le cadre d&rsquo;appels d&rsquo;offres et de litiges liés à la résiliation de ces relations contractuelles.</p>
<p>Né et élevé dans un environnement multiculturel avec des racines en France, en Asie et aux Etats-Unis, Vincent a toujours développé sa carrière professionnelle dans un contexte international.</p>
<p>Il a étudié à l&rsquo;Université de Dijon (France) et à l&rsquo;Institut universitaire européen de Florence (Italie), a obtenu une licence en droit avec mention (1983) et un doctorat en droit international (1992).</p>
<p>Avocat au Barreau de Paris depuis 1990, Vincent a travaillé comme juriste chez Clifford Chance, comme chercheur au CNRS, comme juriste d&rsquo;entreprise chez AXA et, enfin, comme collaborateur puis associé dans différents cabinets d&rsquo;avocats, dont le dernier en date est la création du cabinet Alezan en 2011.</p>
<p>Il parle le français (langue maternelle), l&rsquo;anglais (couramment) et l&rsquo;italien.</p>
