{"id":28946,"date":"2024-02-16T23:49:33","date_gmt":"2024-02-16T22:49:33","guid":{"rendered":"https:\/\/www.legalmondo.com\/network\/jose-costa-pinto\/"},"modified":"2024-02-16T23:59:20","modified_gmt":"2024-02-16T22:59:20","slug":"jose-costa-pinto","status":"publish","type":"vendor","link":"https:\/\/www.legalmondo.com\/fr\/network\/jose-costa-pinto\/","title":{"rendered":"Jos\u00e9 Costa Pinto"},"content":{"rendered":"<p>Jos\u00e9 Costa Pinto est l&rsquo;associ\u00e9 fondateur de Costa Pinto, o\u00f9 il se sp\u00e9cialise dans les questions de droit commercial et des soci\u00e9t\u00e9s et poss\u00e8de une vaste exp\u00e9rience dans les op\u00e9rations de restructuration d&rsquo;entreprises, de fusions et acquisitions et de capital-investissement. Il est \u00e9galement membre du conseil d&rsquo;administration de l&rsquo;Observatoire portugais de conformit\u00e9 et de r\u00e9glementation et du conseil d&rsquo;administration de l&rsquo;Institut portugais de gouvernance d&rsquo;entreprise.<\/p>\n<p>Jos\u00e9 Costa Pinto est \u00e9galement vice-pr\u00e9sident du conseil d&rsquo;administration de l&rsquo;assembl\u00e9e g\u00e9n\u00e9rale de Galp SGPS, S.A., depuis mai 2023, et secr\u00e9taire du conseil d&rsquo;administration de l&rsquo;assembl\u00e9e g\u00e9n\u00e9rale du Sporting Clube de Portugal, depuis 2018. Il est \u00e9galement pr\u00e9sident du conseil d&rsquo;administration. de l&rsquo;Assembl\u00e9e G\u00e9n\u00e9rale de plusieurs soci\u00e9t\u00e9s et fonds d&rsquo;investissement.<\/p>\n<p>Il a \u00e9t\u00e9 pr\u00e9sident de l\u2019Association nationale des jeunes avocats portugais (ANJAP) entre 2014 et 2018.<\/p>\n<p>Avant de fonder Costa Pinto Advogados, Jos\u00e9 Costa Pinto a travaill\u00e9 pour Ur\u00eda Men\u00e9ndez \u2013 Proen\u00e7a de Carvalho et Simmons &amp; Simmons. Il a \u00e9galement \u00e9t\u00e9 auteur et co-auteur de plusieurs articles techniques et conf\u00e9rencier lors de conf\u00e9rences et d&rsquo;\u00e9v\u00e9nements publics.<\/p>\n<p>Jos\u00e9 est de langue maternelle portugaise et parle couramment l&rsquo;anglais et l&rsquo;espagnol.<\/p>\n","protected":false},"excerpt":{"rendered":"<p>Jos\u00e9 Costa Pinto est l&rsquo;associ\u00e9 fondateur de Costa Pinto, o\u00f9 il se sp\u00e9cialise dans les questions de droit commercial et des soci\u00e9t\u00e9s et poss\u00e8de une vaste exp\u00e9rience dans les op\u00e9rations de restructuration d&rsquo;entreprises, de fusions et acquisitions et de capital-investissement. Il est \u00e9galement membre du conseil d&rsquo;administration de l&rsquo;Observatoire portugais de conformit\u00e9 et de r\u00e9glementation [&hellip;]<\/p>\n","protected":false},"author":735,"featured_media":28934,"template":"","sector":[10819],"country":[10862,10863],"skill":[10832,10882,10895],"class_list":["post-28946","vendor","type-vendor","status-publish","has-post-thumbnail","hentry","sector-legal-en-fr","country-lisbon-fr","country-pt-fr","skill-corporate-fr","skill-ma-fr","skill-real-estate-fr"],"acf":[],"_links":{"self":[{"href":"https:\/\/www.legalmondo.com\/fr\/wp-json\/wp\/v2\/vendor\/28946","targetHints":{"allow":["GET"]}}],"collection":[{"href":"https:\/\/www.legalmondo.com\/fr\/wp-json\/wp\/v2\/vendor"}],"about":[{"href":"https:\/\/www.legalmondo.com\/fr\/wp-json\/wp\/v2\/types\/vendor"}],"author":[{"embeddable":true,"href":"https:\/\/www.legalmondo.com\/fr\/wp-json\/wp\/v2\/users\/735"}],"wp:featuredmedia":[{"embeddable":true,"href":"https:\/\/www.legalmondo.com\/fr\/wp-json\/wp\/v2\/media\/28934"}],"wp:attachment":[{"href":"https:\/\/www.legalmondo.com\/fr\/wp-json\/wp\/v2\/media?parent=28946"}],"wp:term":[{"taxonomy":"sector","embeddable":true,"href":"https:\/\/www.legalmondo.com\/fr\/wp-json\/wp\/v2\/sector?post=28946"},{"taxonomy":"country","embeddable":true,"href":"https:\/\/www.legalmondo.com\/fr\/wp-json\/wp\/v2\/country?post=28946"},{"taxonomy":"skill","embeddable":true,"href":"https:\/\/www.legalmondo.com\/fr\/wp-json\/wp\/v2\/skill?post=28946"}],"curies":[{"name":"wp","href":"https:\/\/api.w.org\/{rel}","templated":true}]}}

José Costa Pinto

<p>José Costa Pinto est l&rsquo;associé fondateur de Costa Pinto, où il se spécialise dans les questions de droit commercial et des sociétés et possède une vaste expérience dans les opérations de restructuration d&rsquo;entreprises, de fusions et acquisitions et de capital-investissement. Il est également membre du conseil d&rsquo;administration de l&rsquo;Observatoire portugais de conformité et de réglementation et du conseil d&rsquo;administration de l&rsquo;Institut portugais de gouvernance d&rsquo;entreprise.</p>
<p>José Costa Pinto est également vice-président du conseil d&rsquo;administration de l&rsquo;assemblée générale de Galp SGPS, S.A., depuis mai 2023, et secrétaire du conseil d&rsquo;administration de l&rsquo;assemblée générale du Sporting Clube de Portugal, depuis 2018. Il est également président du conseil d&rsquo;administration. de l&rsquo;Assemblée Générale de plusieurs sociétés et fonds d&rsquo;investissement.</p>
<p>Il a été président de l’Association nationale des jeunes avocats portugais (ANJAP) entre 2014 et 2018.</p>
<p>Avant de fonder Costa Pinto Advogados, José Costa Pinto a travaillé pour Uría Menéndez – Proença de Carvalho et Simmons &amp; Simmons. Il a également été auteur et co-auteur de plusieurs articles techniques et conférencier lors de conférences et d&rsquo;événements publics.</p>
<p>José est de langue maternelle portugaise et parle couramment l&rsquo;anglais et l&rsquo;espagnol.</p>

<p>José Costa Pinto est l&rsquo;associé fondateur de Costa Pinto, où il se spécialise dans les questions de droit commercial et des sociétés et possède une vaste expérience dans les opérations de restructuration d&rsquo;entreprises, de fusions et acquisitions et de capital-investissement. Il est également membre du conseil d&rsquo;administration de l&rsquo;Observatoire portugais de conformité et de réglementation [&hellip;]</p>
