{"id":28149,"date":"2023-10-27T17:20:05","date_gmt":"2023-10-27T15:20:05","guid":{"rendered":"https:\/\/www.legalmondo.com\/network\/reinier-wolters\/"},"modified":"2023-10-27T18:01:14","modified_gmt":"2023-10-27T16:01:14","slug":"reinier-wolters","status":"publish","type":"vendor","link":"https:\/\/www.legalmondo.com\/fr\/network\/reinier-wolters\/","title":{"rendered":"Reinier Wolters"},"content":{"rendered":"\n<p>Reinier Wolters est associ\u00e9 chez Citius Advocaten. Il est sp\u00e9cialis\u00e9 en droit du travail et en immigration d&rsquo;entreprise, ce qui inclut les questions de mobilit\u00e9 internationale, les permis de travail et de r\u00e9sidence, les droits au travail, les travailleurs d\u00e9tach\u00e9s, les travailleurs transfrontaliers, l&rsquo;UE, les visas, les travailleurs qualifi\u00e9s, la r\u00e9daction de contrats de travail, les licenciements (collectifs), la r\u00e9solution de conflits, les r\u00e8glements.<\/p>\n\n\n\n<p>Apr\u00e8s avoir \u00e9tudi\u00e9 le droit n\u00e9erlandais \u00e0 l&rsquo;universit\u00e9 d&rsquo;Amsterdam, Reinier s&rsquo;est sp\u00e9cialis\u00e9 dans le droit de l&rsquo;immigration, en se concentrant sur le march\u00e9 des entreprises. La combinaison avec le droit du travail s&rsquo;est av\u00e9r\u00e9e \u00eatre un atout majeur pour ce march\u00e9. Outre les entreprises internationales, Reinier assiste \u00e9galement les entrepreneurs qui souhaitent s&rsquo;installer aux Pays-Bas. Sa pratique du droit du travail est vari\u00e9e, mais principalement ax\u00e9e sur les entreprises et les expatri\u00e9s.<\/p>\n\n\n\n<p>Reinier a rejoint Citius Advocaten en tant qu&rsquo;associ\u00e9 en 2022 apr\u00e8s avoir travaill\u00e9 dans des cabinets d&rsquo;avocats de taille moyenne et de boutique \u00e0 Amsterdam. Reinier est membre de l&rsquo;Association for Employment Lawyers Netherlands (VAAN) et du groupe de travail Legal Aid for Aliens. Il parle le n\u00e9erlandais et l&rsquo;anglais.<\/p>\n","protected":false},"excerpt":{"rendered":"<p>Reinier Wolters est associ\u00e9 chez Citius Advocaten. Il est sp\u00e9cialis\u00e9 en droit du travail et en immigration d&rsquo;entreprise, ce qui inclut les questions de mobilit\u00e9 internationale, les permis de travail et de r\u00e9sidence, les droits au travail, les travailleurs d\u00e9tach\u00e9s, les travailleurs transfrontaliers, l&rsquo;UE, les visas, les travailleurs qualifi\u00e9s, la r\u00e9daction de contrats de travail, [&hellip;]<\/p>\n","protected":false},"author":716,"featured_media":28132,"template":"","sector":[10819],"country":[10868,10869],"skill":[10864],"class_list":["post-28149","vendor","type-vendor","status-publish","has-post-thumbnail","hentry","sector-legal-en-fr","country-amsterdam-fr","country-nl-fr","skill-immigration-fr"],"acf":[],"_links":{"self":[{"href":"https:\/\/www.legalmondo.com\/fr\/wp-json\/wp\/v2\/vendor\/28149","targetHints":{"allow":["GET"]}}],"collection":[{"href":"https:\/\/www.legalmondo.com\/fr\/wp-json\/wp\/v2\/vendor"}],"about":[{"href":"https:\/\/www.legalmondo.com\/fr\/wp-json\/wp\/v2\/types\/vendor"}],"author":[{"embeddable":true,"href":"https:\/\/www.legalmondo.com\/fr\/wp-json\/wp\/v2\/users\/716"}],"wp:featuredmedia":[{"embeddable":true,"href":"https:\/\/www.legalmondo.com\/fr\/wp-json\/wp\/v2\/media\/28132"}],"wp:attachment":[{"href":"https:\/\/www.legalmondo.com\/fr\/wp-json\/wp\/v2\/media?parent=28149"}],"wp:term":[{"taxonomy":"sector","embeddable":true,"href":"https:\/\/www.legalmondo.com\/fr\/wp-json\/wp\/v2\/sector?post=28149"},{"taxonomy":"country","embeddable":true,"href":"https:\/\/www.legalmondo.com\/fr\/wp-json\/wp\/v2\/country?post=28149"},{"taxonomy":"skill","embeddable":true,"href":"https:\/\/www.legalmondo.com\/fr\/wp-json\/wp\/v2\/skill?post=28149"}],"curies":[{"name":"wp","href":"https:\/\/api.w.org\/{rel}","templated":true}]}}

<p>Reinier Wolters est associé chez Citius Advocaten. Il est spécialisé en droit du travail et en immigration d&rsquo;entreprise, ce qui inclut les questions de mobilité internationale, les permis de travail et de résidence, les droits au travail, les travailleurs détachés, les travailleurs transfrontaliers, l&rsquo;UE, les visas, les travailleurs qualifiés, la rédaction de contrats de travail, les licenciements (collectifs), la résolution de conflits, les règlements.</p>



<p>Après avoir étudié le droit néerlandais à l&rsquo;université d&rsquo;Amsterdam, Reinier s&rsquo;est spécialisé dans le droit de l&rsquo;immigration, en se concentrant sur le marché des entreprises. La combinaison avec le droit du travail s&rsquo;est avérée être un atout majeur pour ce marché. Outre les entreprises internationales, Reinier assiste également les entrepreneurs qui souhaitent s&rsquo;installer aux Pays-Bas. Sa pratique du droit du travail est variée, mais principalement axée sur les entreprises et les expatriés.</p>



<p>Reinier a rejoint Citius Advocaten en tant qu&rsquo;associé en 2022 après avoir travaillé dans des cabinets d&rsquo;avocats de taille moyenne et de boutique à Amsterdam. Reinier est membre de l&rsquo;Association for Employment Lawyers Netherlands (VAAN) et du groupe de travail Legal Aid for Aliens. Il parle le néerlandais et l&rsquo;anglais.</p>

<p>Reinier Wolters est associé chez Citius Advocaten. Il est spécialisé en droit du travail et en immigration d&rsquo;entreprise, ce qui inclut les questions de mobilité internationale, les permis de travail et de résidence, les droits au travail, les travailleurs détachés, les travailleurs transfrontaliers, l&rsquo;UE, les visas, les travailleurs qualifiés, la rédaction de contrats de travail, [&hellip;]</p>
