{"id":27970,"date":"2023-09-18T22:02:59","date_gmt":"2023-09-18T20:02:59","guid":{"rendered":"https:\/\/www.legalmondo.com\/network\/pieter-van-den-broeck\/"},"modified":"2023-09-25T21:27:26","modified_gmt":"2023-09-25T19:27:26","slug":"pieter-van-den-broeck","status":"publish","type":"vendor","link":"https:\/\/www.legalmondo.com\/fr\/network\/pieter-van-den-broeck\/","title":{"rendered":"Pieter Van den Broeck"},"content":{"rendered":"<p>Pieter est sp\u00e9cialis\u00e9 dans le droit des soci\u00e9t\u00e9s en g\u00e9n\u00e9ral et se concentre sur les transactions (par exemple, les fusions, les acquisitions, le PE\/VC, le transfert d&rsquo;entreprises familiales, les restructurations, etc. En outre, Pieter poss\u00e8de une vaste exp\u00e9rience en mati\u00e8re de litiges d&rsquo;entreprise (en particulier en ce qui concerne les conflits entre actionnaires, la responsabilit\u00e9 des administrateurs et les litiges post-fusion-acquisition).<\/p>\n<p>Pieter conseille les entreprises belges et \u00e9trang\u00e8res qui souhaitent investir dans des entreprises belges ou les c\u00e9der. Une grande partie de son travail comporte des aspects transfrontaliers, avec une attention particuli\u00e8re pour les Pays-Bas.<\/p>\n<p>Pieter est vice-pr\u00e9sident de notre groupe de pratique Corporate-M&amp;A et est membre du comit\u00e9 international de son cabinet d&rsquo;avocats en charge de nos activit\u00e9s internationales et du d\u00e9veloppement des r\u00e9seaux et des affaires.<\/p>\n<p>Il est \u00e9galement actif au sein de la BCFA (Belgian Corporate Finance Association), de la BVA (Belgian Venture Capital Association) et de l&rsquo;AIJA (International Association of Young Lawyers), dont il a \u00e9t\u00e9 membre du comit\u00e9 ex\u00e9cutif d&rsquo;ao\u00fbt 2011 \u00e0 ao\u00fbt 2023.<\/p>\n<p>Pieter intervient r\u00e9guli\u00e8rement sur des sujets li\u00e9s au droit des soci\u00e9t\u00e9s et aux fusions et acquisitions lors de s\u00e9minaires et de conf\u00e9rences en Belgique et \u00e0 l&rsquo;\u00e9tranger.<\/p>\n<p>Il vit entre Bruxelles et Anvers et travaille depuis Anvers, Bruxelles et Gand.<\/p>\n<p>Sa langue maternelle est le n\u00e9erlandais, mais il parle couramment l&rsquo;anglais et le fran\u00e7ais.<\/p>\n","protected":false},"excerpt":{"rendered":"<p>Pieter est sp\u00e9cialis\u00e9 dans le droit des soci\u00e9t\u00e9s en g\u00e9n\u00e9ral et se concentre sur les transactions (par exemple, les fusions, les acquisitions, le PE\/VC, le transfert d&rsquo;entreprises familiales, les restructurations, etc. En outre, Pieter poss\u00e8de une vaste exp\u00e9rience en mati\u00e8re de litiges d&rsquo;entreprise (en particulier en ce qui concerne les conflits entre actionnaires, la responsabilit\u00e9 [&hellip;]<\/p>\n","protected":false},"author":711,"featured_media":34231,"template":"","sector":[10819],"country":[11193,11206],"skill":[10832,11000,10882,10881,10875],"class_list":["post-27970","vendor","type-vendor","status-publish","has-post-thumbnail","hentry","sector-legal-en-fr","country-be-fr","country-antwerp-fr","skill-corporate-fr","skill-private-equity-fr","skill-ma-fr","skill-foreign-investments-fr","skill-start-up-fr"],"acf":[],"_links":{"self":[{"href":"https:\/\/www.legalmondo.com\/fr\/wp-json\/wp\/v2\/vendor\/27970","targetHints":{"allow":["GET"]}}],"collection":[{"href":"https:\/\/www.legalmondo.com\/fr\/wp-json\/wp\/v2\/vendor"}],"about":[{"href":"https:\/\/www.legalmondo.com\/fr\/wp-json\/wp\/v2\/types\/vendor"}],"author":[{"embeddable":true,"href":"https:\/\/www.legalmondo.com\/fr\/wp-json\/wp\/v2\/users\/711"}],"wp:featuredmedia":[{"embeddable":true,"href":"https:\/\/www.legalmondo.com\/fr\/wp-json\/wp\/v2\/media\/34231"}],"wp:attachment":[{"href":"https:\/\/www.legalmondo.com\/fr\/wp-json\/wp\/v2\/media?parent=27970"}],"wp:term":[{"taxonomy":"sector","embeddable":true,"href":"https:\/\/www.legalmondo.com\/fr\/wp-json\/wp\/v2\/sector?post=27970"},{"taxonomy":"country","embeddable":true,"href":"https:\/\/www.legalmondo.com\/fr\/wp-json\/wp\/v2\/country?post=27970"},{"taxonomy":"skill","embeddable":true,"href":"https:\/\/www.legalmondo.com\/fr\/wp-json\/wp\/v2\/skill?post=27970"}],"curies":[{"name":"wp","href":"https:\/\/api.w.org\/{rel}","templated":true}]}}

<p>Pieter est spécialisé dans le droit des sociétés en général et se concentre sur les transactions (par exemple, les fusions, les acquisitions, le PE/VC, le transfert d&rsquo;entreprises familiales, les restructurations, etc. En outre, Pieter possède une vaste expérience en matière de litiges d&rsquo;entreprise (en particulier en ce qui concerne les conflits entre actionnaires, la responsabilité des administrateurs et les litiges post-fusion-acquisition).</p>
<p>Pieter conseille les entreprises belges et étrangères qui souhaitent investir dans des entreprises belges ou les céder. Une grande partie de son travail comporte des aspects transfrontaliers, avec une attention particulière pour les Pays-Bas.</p>
<p>Pieter est vice-président de notre groupe de pratique Corporate-M&amp;A et est membre du comité international de son cabinet d&rsquo;avocats en charge de nos activités internationales et du développement des réseaux et des affaires.</p>
<p>Il est également actif au sein de la BCFA (Belgian Corporate Finance Association), de la BVA (Belgian Venture Capital Association) et de l&rsquo;AIJA (International Association of Young Lawyers), dont il a été membre du comité exécutif d&rsquo;août 2011 à août 2023.</p>
<p>Pieter intervient régulièrement sur des sujets liés au droit des sociétés et aux fusions et acquisitions lors de séminaires et de conférences en Belgique et à l&rsquo;étranger.</p>
<p>Il vit entre Bruxelles et Anvers et travaille depuis Anvers, Bruxelles et Gand.</p>
<p>Sa langue maternelle est le néerlandais, mais il parle couramment l&rsquo;anglais et le français.</p>

<p>Pieter est spécialisé dans le droit des sociétés en général et se concentre sur les transactions (par exemple, les fusions, les acquisitions, le PE/VC, le transfert d&rsquo;entreprises familiales, les restructurations, etc. En outre, Pieter possède une vaste expérience en matière de litiges d&rsquo;entreprise (en particulier en ce qui concerne les conflits entre actionnaires, la responsabilité [&hellip;]</p>
