{"id":21495,"date":"2023-02-19T17:53:38","date_gmt":"2023-02-19T16:53:38","guid":{"rendered":"https:\/\/www.legalmondo.com\/network\/gustavo-coehlo\/"},"modified":"2023-02-19T18:34:17","modified_gmt":"2023-02-19T17:34:17","slug":"gustavo-coelho","status":"publish","type":"vendor","link":"https:\/\/www.legalmondo.com\/fr\/network\/gustavo-coelho\/","title":{"rendered":"Gustavo Coelho"},"content":{"rendered":"<p>Gustavo Flausino Coelho est un avocat br\u00e9silien sp\u00e9cialis\u00e9 dans le droit des soci\u00e9t\u00e9s, le droit antitrust et de la concurrence et les contrats commerciaux.<\/p>\n<p>Il est l&rsquo;associ\u00e9 g\u00e9rant de Bastilho Coelho Advogados, un cabinet d&rsquo;avocats bas\u00e9 \u00e0 Rio de Janeiro qui fournit une assistance juridique \u00e0 des clients nationaux et internationaux et \u00e0 leurs entreprises.<\/p>\n<p>Gustavo est titulaire d&rsquo;un doctorat en droit (PhD) et d&rsquo;une ma\u00eetrise en droit (LL.M) de l&rsquo;universit\u00e9 de l&rsquo;\u00c9tat de Rio de Janeiro (UERJ), et dipl\u00f4m\u00e9 en droit (licence en droit &#8211; JD) de l&rsquo;universit\u00e9 f\u00e9d\u00e9rale de Rio de Janeiro (UFRJ).&nbsp; Il est \u00e9galement professeur de droit des affaires \u00e0 l&rsquo;IBMEC.<\/p>\n<p>Il est actif dans la communaut\u00e9 juridique et sur la sc\u00e8ne internationale ; Gustavo est membre du comit\u00e9 ex\u00e9cutif de l&rsquo;Association internationale des jeunes avocats (AIJA) et membre de l&rsquo;Association internationale du barreau (IBA).<\/p>\n<p>Au Br\u00e9sil, Gustavo est vice-pr\u00e9sident de la section du droit antitrust de l&rsquo;Association du barreau br\u00e9silien &#8211; chapitre de Rio de Janeiro (OAB\/RJ), membre de la section du droit des affaires et de la section de la fraude internationale et du recouvrement d&rsquo;actifs de l&rsquo;OAB\/RJ ; membre de la section du droit des affaires de l&rsquo;Institut br\u00e9silien des avocats (IAB) ; et membre de la section juridique de la Society of Petroleum Engineers (SPE) &#8211; chapitre du Br\u00e9sil.<\/p>\n<p>Gustavo parle anglais (couramment), portugais (langue maternelle) et espagnol.<\/p>\n","protected":false},"excerpt":{"rendered":"<p>Gustavo Flausino Coelho est un avocat br\u00e9silien sp\u00e9cialis\u00e9 dans le droit des soci\u00e9t\u00e9s, le droit antitrust et de la concurrence et les contrats commerciaux. Il est l&rsquo;associ\u00e9 g\u00e9rant de Bastilho Coelho Advogados, un cabinet d&rsquo;avocats bas\u00e9 \u00e0 Rio de Janeiro qui fournit une assistance juridique \u00e0 des clients nationaux et internationaux et \u00e0 leurs entreprises. [&hellip;]<\/p>\n","protected":false},"author":692,"featured_media":21484,"template":"","sector":[10819],"country":[11031,11071],"skill":[10849,10886,10832,10882,10881],"class_list":["post-21495","vendor","type-vendor","status-publish","has-post-thumbnail","hentry","sector-legal-en-fr","country-br-fr","country-rio-de-janeiro-fr","skill-contracts-fr","skill-antitrust-fr","skill-corporate-fr","skill-ma-fr","skill-foreign-investments-fr"],"acf":[],"_links":{"self":[{"href":"https:\/\/www.legalmondo.com\/fr\/wp-json\/wp\/v2\/vendor\/21495","targetHints":{"allow":["GET"]}}],"collection":[{"href":"https:\/\/www.legalmondo.com\/fr\/wp-json\/wp\/v2\/vendor"}],"about":[{"href":"https:\/\/www.legalmondo.com\/fr\/wp-json\/wp\/v2\/types\/vendor"}],"author":[{"embeddable":true,"href":"https:\/\/www.legalmondo.com\/fr\/wp-json\/wp\/v2\/users\/692"}],"wp:featuredmedia":[{"embeddable":true,"href":"https:\/\/www.legalmondo.com\/fr\/wp-json\/wp\/v2\/media\/21484"}],"wp:attachment":[{"href":"https:\/\/www.legalmondo.com\/fr\/wp-json\/wp\/v2\/media?parent=21495"}],"wp:term":[{"taxonomy":"sector","embeddable":true,"href":"https:\/\/www.legalmondo.com\/fr\/wp-json\/wp\/v2\/sector?post=21495"},{"taxonomy":"country","embeddable":true,"href":"https:\/\/www.legalmondo.com\/fr\/wp-json\/wp\/v2\/country?post=21495"},{"taxonomy":"skill","embeddable":true,"href":"https:\/\/www.legalmondo.com\/fr\/wp-json\/wp\/v2\/skill?post=21495"}],"curies":[{"name":"wp","href":"https:\/\/api.w.org\/{rel}","templated":true}]}}

<p>Gustavo Flausino Coelho est un avocat brésilien spécialisé dans le droit des sociétés, le droit antitrust et de la concurrence et les contrats commerciaux.</p>
<p>Il est l&rsquo;associé gérant de Bastilho Coelho Advogados, un cabinet d&rsquo;avocats basé à Rio de Janeiro qui fournit une assistance juridique à des clients nationaux et internationaux et à leurs entreprises.</p>
<p>Gustavo est titulaire d&rsquo;un doctorat en droit (PhD) et d&rsquo;une maîtrise en droit (LL.M) de l&rsquo;université de l&rsquo;État de Rio de Janeiro (UERJ), et diplômé en droit (licence en droit &#8211; JD) de l&rsquo;université fédérale de Rio de Janeiro (UFRJ).&nbsp; Il est également professeur de droit des affaires à l&rsquo;IBMEC.</p>
<p>Il est actif dans la communauté juridique et sur la scène internationale ; Gustavo est membre du comité exécutif de l&rsquo;Association internationale des jeunes avocats (AIJA) et membre de l&rsquo;Association internationale du barreau (IBA).</p>
<p>Au Brésil, Gustavo est vice-président de la section du droit antitrust de l&rsquo;Association du barreau brésilien &#8211; chapitre de Rio de Janeiro (OAB/RJ), membre de la section du droit des affaires et de la section de la fraude internationale et du recouvrement d&rsquo;actifs de l&rsquo;OAB/RJ ; membre de la section du droit des affaires de l&rsquo;Institut brésilien des avocats (IAB) ; et membre de la section juridique de la Society of Petroleum Engineers (SPE) &#8211; chapitre du Brésil.</p>
<p>Gustavo parle anglais (couramment), portugais (langue maternelle) et espagnol.</p>

<p>Gustavo Flausino Coelho est un avocat brésilien spécialisé dans le droit des sociétés, le droit antitrust et de la concurrence et les contrats commerciaux. Il est l&rsquo;associé gérant de Bastilho Coelho Advogados, un cabinet d&rsquo;avocats basé à Rio de Janeiro qui fournit une assistance juridique à des clients nationaux et internationaux et à leurs entreprises. [&hellip;]</p>
