{"id":31919,"date":"2025-02-26T21:53:13","date_gmt":"2025-02-26T20:53:13","guid":{"rendered":"https:\/\/www.legalmondo.com\/?post_type=vendor&#038;p=31919"},"modified":"2025-02-26T21:53:13","modified_gmt":"2025-02-26T20:53:13","slug":"per-ola-bergqvist","status":"publish","type":"vendor","link":"https:\/\/www.legalmondo.com\/es\/network\/per-ola-bergqvist\/","title":{"rendered":"Per-Ola Bergqvist"},"content":{"rendered":"<p>Per-Ola Bergqvist es un abogado sueco con experiencia en derecho de la construcci\u00f3n y de la contrataci\u00f3n p\u00fablica.<\/p>\n<p>Su carrera comenz\u00f3 en 1999, despu\u00e9s de graduarse en la Universidad de Lund, con un par de a\u00f1os de servicio en los tribunales, seguido de su entrada en la pr\u00e1ctica privada en 2002. Fue admitido en el colegio de abogados en 2006 y, desde 2022, es asesor experto en Vinge (www.vinge.se) despu\u00e9s de 18 a\u00f1os como socio en un bufete boutique de tama\u00f1o medio. Tiene su sede en Malm\u00f6, pero trabaja con clientes de toda Suecia.<\/p>\n<p>Seg\u00fan los clientes entrevistados por Legal500 en 2024, Per-Ola se encuentra \u00ab<em>entre los abogados m\u00e1s cualificados en el \u00e1mbito de la contrataci\u00f3n p\u00fablica en Suecia\u00bb. <\/em><\/p>\n<p>Per-Ola asesora tanto a entidades p\u00fablicas como privadas, extranjeras y nacionales, en asuntos relacionados con la contrataci\u00f3n p\u00fablica y la construcci\u00f3n, asuntos contractuales generales relacionados con las infraestructuras y transacciones inmobiliarias. Su campo de trabajo comprende el cumplimiento y los litigios, y representa a sus clientes en procedimientos judiciales, tanto en tribunales civiles como administrativos.<\/p>\n<p>Per-Ola trabaja en sueco e ingl\u00e9s y tambi\u00e9n puede comunicarse en franc\u00e9s.<\/p>\n","protected":false},"excerpt":{"rendered":"<p>Per-Ola Bergqvist es un abogado sueco con experiencia en derecho de la construcci\u00f3n y de la contrataci\u00f3n p\u00fablica. Su carrera comenz\u00f3 en 1999, despu\u00e9s de graduarse en la Universidad de Lund, con un par de a\u00f1os de servicio en los tribunales, seguido de su entrada en la pr\u00e1ctica privada en 2002. Fue admitido en el [&hellip;]<\/p>\n","protected":false},"author":764,"featured_media":34124,"template":"","sector":[383],"country":[12732,571],"skill":[868,410,417,418,7550],"class_list":["post-31919","vendor","type-vendor","status-publish","has-post-thumbnail","hentry","sector-legal-es","country-malmo-es","country-se-es","skill-compliance-es","skill-contracts-es","skill-derecho-inmobiliario","skill-derecho-internacional-privado","skill-procurements-and-constructions-es"],"acf":[],"_links":{"self":[{"href":"https:\/\/www.legalmondo.com\/es\/wp-json\/wp\/v2\/vendor\/31919","targetHints":{"allow":["GET"]}}],"collection":[{"href":"https:\/\/www.legalmondo.com\/es\/wp-json\/wp\/v2\/vendor"}],"about":[{"href":"https:\/\/www.legalmondo.com\/es\/wp-json\/wp\/v2\/types\/vendor"}],"author":[{"embeddable":true,"href":"https:\/\/www.legalmondo.com\/es\/wp-json\/wp\/v2\/users\/764"}],"wp:featuredmedia":[{"embeddable":true,"href":"https:\/\/www.legalmondo.com\/es\/wp-json\/wp\/v2\/media\/34124"}],"wp:attachment":[{"href":"https:\/\/www.legalmondo.com\/es\/wp-json\/wp\/v2\/media?parent=31919"}],"wp:term":[{"taxonomy":"sector","embeddable":true,"href":"https:\/\/www.legalmondo.com\/es\/wp-json\/wp\/v2\/sector?post=31919"},{"taxonomy":"country","embeddable":true,"href":"https:\/\/www.legalmondo.com\/es\/wp-json\/wp\/v2\/country?post=31919"},{"taxonomy":"skill","embeddable":true,"href":"https:\/\/www.legalmondo.com\/es\/wp-json\/wp\/v2\/skill?post=31919"}],"curies":[{"name":"wp","href":"https:\/\/api.w.org\/{rel}","templated":true}]}}

<p>Per-Ola Bergqvist es un abogado sueco con experiencia en derecho de la construcción y de la contratación pública.</p>
<p>Su carrera comenzó en 1999, después de graduarse en la Universidad de Lund, con un par de años de servicio en los tribunales, seguido de su entrada en la práctica privada en 2002. Fue admitido en el colegio de abogados en 2006 y, desde 2022, es asesor experto en Vinge (www.vinge.se) después de 18 años como socio en un bufete boutique de tamaño medio. Tiene su sede en Malmö, pero trabaja con clientes de toda Suecia.</p>
<p>Según los clientes entrevistados por Legal500 en 2024, Per-Ola se encuentra «<em>entre los abogados más cualificados en el ámbito de la contratación pública en Suecia». </em></p>
<p>Per-Ola asesora tanto a entidades públicas como privadas, extranjeras y nacionales, en asuntos relacionados con la contratación pública y la construcción, asuntos contractuales generales relacionados con las infraestructuras y transacciones inmobiliarias. Su campo de trabajo comprende el cumplimiento y los litigios, y representa a sus clientes en procedimientos judiciales, tanto en tribunales civiles como administrativos.</p>
<p>Per-Ola trabaja en sueco e inglés y también puede comunicarse en francés.</p>

<p>Per-Ola Bergqvist es un abogado sueco con experiencia en derecho de la construcción y de la contratación pública. Su carrera comenzó en 1999, después de graduarse en la Universidad de Lund, con un par de años de servicio en los tribunales, seguido de su entrada en la práctica privada en 2002. Fue admitido en el [&hellip;]</p>
