{"id":28744,"date":"2024-01-17T22:36:53","date_gmt":"2024-01-17T21:36:53","guid":{"rendered":"https:\/\/www.legalmondo.com\/network\/boriska-rocha\/"},"modified":"2024-01-17T22:41:46","modified_gmt":"2024-01-17T21:41:46","slug":"boriska-rocha","status":"publish","type":"vendor","link":"https:\/\/www.legalmondo.com\/es\/network\/boriska-rocha\/","title":{"rendered":"Boriska Rocha"},"content":{"rendered":"<p>Boriska est\u00e1 especializada en Derecho laboral y del empleo en Brasil. Es licenciada por la Universidade Presbiteriana Mackenzie y obtuvo un m\u00e1ster en Derecho por el King&#8217;s College de Londres (Reino Unido).<\/p>\n<p>Con 20 a\u00f1os de experiencia asistiendo a empresas y altos ejecutivos brasile\u00f1os e internacionales, asesora a clientes en asuntos laborales como movilidad global, reestructuraci\u00f3n, compensaci\u00f3n, contrataci\u00f3n y despido de empleados clave, negociaciones y litigios laborales.<\/p>\n<p>Es socia fundadora de <a href=\"https:\/\/salaw.com.br\/en\/\" target=\"_blank\" rel=\"noopener\">SA Law<\/a>, un bufete de abogados con oficinas en S\u00e3o Paulo y R\u00edo de Janeiro. Comenz\u00f3 su carrera como abogada en uno de los principales bufetes brasile\u00f1os y posteriormente fue socia en la oficina de S\u00e3o Paulo de un bufete internacional.\u00a0 Boriska tiene experiencia laboral en Londres y Madrid.<\/p>\n<p>Ha sido ponente en eventos brasile\u00f1os e internacionales y fue reconocida por los directorios jur\u00eddicos Chambers and Partners, Who&#8217;s Who Legal, Best Lawyers y Legal 500.<\/p>\n<p>Boriska es portuguesa nativa y habla ingl\u00e9s y espa\u00f1ol con fluidez.<\/p>\n","protected":false},"excerpt":{"rendered":"<p>Boriska est\u00e1 especializada en Derecho laboral y del empleo en Brasil. Es licenciada por la Universidade Presbiteriana Mackenzie y obtuvo un m\u00e1ster en Derecho por el King&#8217;s College de Londres (Reino Unido). Con 20 a\u00f1os de experiencia asistiendo a empresas y altos ejecutivos brasile\u00f1os e internacionales, asesora a clientes en asuntos laborales como movilidad global, [&hellip;]<\/p>\n","protected":false},"author":732,"featured_media":28740,"template":"","sector":[383],"country":[550,11074,595],"skill":[415,414],"class_list":["post-28744","vendor","type-vendor","status-publish","has-post-thumbnail","hentry","sector-legal-es","country-br-es","country-rio-de-janeiro-es","country-sao-paulo-es","skill-derecho-laboral","skill-immigration-es"],"acf":[],"_links":{"self":[{"href":"https:\/\/www.legalmondo.com\/es\/wp-json\/wp\/v2\/vendor\/28744","targetHints":{"allow":["GET"]}}],"collection":[{"href":"https:\/\/www.legalmondo.com\/es\/wp-json\/wp\/v2\/vendor"}],"about":[{"href":"https:\/\/www.legalmondo.com\/es\/wp-json\/wp\/v2\/types\/vendor"}],"author":[{"embeddable":true,"href":"https:\/\/www.legalmondo.com\/es\/wp-json\/wp\/v2\/users\/732"}],"wp:featuredmedia":[{"embeddable":true,"href":"https:\/\/www.legalmondo.com\/es\/wp-json\/wp\/v2\/media\/28740"}],"wp:attachment":[{"href":"https:\/\/www.legalmondo.com\/es\/wp-json\/wp\/v2\/media?parent=28744"}],"wp:term":[{"taxonomy":"sector","embeddable":true,"href":"https:\/\/www.legalmondo.com\/es\/wp-json\/wp\/v2\/sector?post=28744"},{"taxonomy":"country","embeddable":true,"href":"https:\/\/www.legalmondo.com\/es\/wp-json\/wp\/v2\/country?post=28744"},{"taxonomy":"skill","embeddable":true,"href":"https:\/\/www.legalmondo.com\/es\/wp-json\/wp\/v2\/skill?post=28744"}],"curies":[{"name":"wp","href":"https:\/\/api.w.org\/{rel}","templated":true}]}}

<p>Boriska está especializada en Derecho laboral y del empleo en Brasil. Es licenciada por la Universidade Presbiteriana Mackenzie y obtuvo un máster en Derecho por el King&#8217;s College de Londres (Reino Unido).</p>
<p>Con 20 años de experiencia asistiendo a empresas y altos ejecutivos brasileños e internacionales, asesora a clientes en asuntos laborales como movilidad global, reestructuración, compensación, contratación y despido de empleados clave, negociaciones y litigios laborales.</p>
<p>Es socia fundadora de <a href="https://salaw.com.br/en/" target="_blank" rel="noopener">SA Law</a>, un bufete de abogados con oficinas en São Paulo y Río de Janeiro. Comenzó su carrera como abogada en uno de los principales bufetes brasileños y posteriormente fue socia en la oficina de São Paulo de un bufete internacional.  Boriska tiene experiencia laboral en Londres y Madrid.</p>
<p>Ha sido ponente en eventos brasileños e internacionales y fue reconocida por los directorios jurídicos Chambers and Partners, Who&#8217;s Who Legal, Best Lawyers y Legal 500.</p>
<p>Boriska es portuguesa nativa y habla inglés y español con fluidez.</p>

<p>Boriska está especializada en Derecho laboral y del empleo en Brasil. Es licenciada por la Universidade Presbiteriana Mackenzie y obtuvo un máster en Derecho por el King&#8217;s College de Londres (Reino Unido). Con 20 años de experiencia asistiendo a empresas y altos ejecutivos brasileños e internacionales, asesora a clientes en asuntos laborales como movilidad global, [&hellip;]</p>
