{"id":27381,"date":"2023-05-17T19:47:29","date_gmt":"2023-05-17T17:47:29","guid":{"rendered":"https:\/\/www.legalmondo.com\/network\/sonia-gumpert\/"},"modified":"2023-05-17T20:01:37","modified_gmt":"2023-05-17T18:01:37","slug":"sonia-gumpert","status":"publish","type":"vendor","link":"https:\/\/www.legalmondo.com\/es\/network\/sonia-gumpert\/","title":{"rendered":"Sonia Gumpert"},"content":{"rendered":"<p>Sonia es licenciada en Derecho por la Universidad Aut\u00f3noma de Madrid y tiene un M\u00e1ster en Derecho comunitario por la Universidad Pontificia de Comillas (ICADE).<\/p>\n<p>Ingres\u00f3 en 1993 en el Ilustre Colegio de Abogados de Madrid (ICAM) y en junio del mismo a\u00f1o en el despacho Monereo Meyer Abogados, del que es socia desde el a\u00f1o 2002.<\/p>\n<p>Sonia est\u00e1 especializada en resoluci\u00f3n de conflictos, litigaci\u00f3n y arbitraje, en \u00e1mbitos civil y mercantil, particularmente en asuntos con elemento extranjero y en la aplicaci\u00f3n de convenios y normas de derecho internacional privado.<\/p>\n<p>Es Acad\u00e9mica Correspondiente de la Real Academia de Jurisprudencia y Legislaci\u00f3n de Espa\u00f1a, miembro honorario de la Association International de Jeunes Avocats (AIJA) desde agosto de 2011 y miembro de UIA (Union International de Abogados).<\/p>\n<p>Es \u00e1rbitro del Consejo Arbitral para el Alquiler de la Comunidad de Madrid, de la Corte de Arbitraje de la Asociaci\u00f3n Europea de Arbitraje y del Centro Iberoamericano de Arbitraje (CIAR).<\/p>\n<p>Fue Decana del Ilustre Colegio de Abogados de Madrid (2012-2017) y ha ocupado los cargos de Vicepresidenta Primera del Consejo General de la Abogac\u00eda Espa\u00f1ola, Presidenta de la Uni\u00f3n Interprofesional de la Comunidad de Madrid y Consejera de la Fundaci\u00f3n Abogac\u00eda.<\/p>\n<p>Socia directora de Monereo Meyer Abogados en los a\u00f1os 2017 a 2020.<\/p>\n<p>Habla espa\u00f1ol, alem\u00e1n e ingl\u00e9s.<\/p>\n","protected":false},"excerpt":{"rendered":"<p>Sonia es licenciada en Derecho por la Universidad Aut\u00f3noma de Madrid y tiene un M\u00e1ster en Derecho comunitario por la Universidad Pontificia de Comillas (ICADE). Ingres\u00f3 en 1993 en el Ilustre Colegio de Abogados de Madrid (ICAM) y en junio del mismo a\u00f1o en el despacho Monereo Meyer Abogados, del que es socia desde el [&hellip;]<\/p>\n","protected":false},"author":696,"featured_media":34258,"template":"","sector":[383],"country":[392,397],"skill":[418,412,388,389],"class_list":["post-27381","vendor","type-vendor","status-publish","has-post-thumbnail","hentry","sector-legal-es","country-es-es","country-madrid-es","skill-derecho-internacional-privado","skill-agency-es","skill-arbitration-es","skill-distribution-agreements-es"],"acf":[],"_links":{"self":[{"href":"https:\/\/www.legalmondo.com\/es\/wp-json\/wp\/v2\/vendor\/27381","targetHints":{"allow":["GET"]}}],"collection":[{"href":"https:\/\/www.legalmondo.com\/es\/wp-json\/wp\/v2\/vendor"}],"about":[{"href":"https:\/\/www.legalmondo.com\/es\/wp-json\/wp\/v2\/types\/vendor"}],"author":[{"embeddable":true,"href":"https:\/\/www.legalmondo.com\/es\/wp-json\/wp\/v2\/users\/696"}],"wp:featuredmedia":[{"embeddable":true,"href":"https:\/\/www.legalmondo.com\/es\/wp-json\/wp\/v2\/media\/34258"}],"wp:attachment":[{"href":"https:\/\/www.legalmondo.com\/es\/wp-json\/wp\/v2\/media?parent=27381"}],"wp:term":[{"taxonomy":"sector","embeddable":true,"href":"https:\/\/www.legalmondo.com\/es\/wp-json\/wp\/v2\/sector?post=27381"},{"taxonomy":"country","embeddable":true,"href":"https:\/\/www.legalmondo.com\/es\/wp-json\/wp\/v2\/country?post=27381"},{"taxonomy":"skill","embeddable":true,"href":"https:\/\/www.legalmondo.com\/es\/wp-json\/wp\/v2\/skill?post=27381"}],"curies":[{"name":"wp","href":"https:\/\/api.w.org\/{rel}","templated":true}]}}

<p>Sonia es licenciada en Derecho por la Universidad Autónoma de Madrid y tiene un Máster en Derecho comunitario por la Universidad Pontificia de Comillas (ICADE).</p>
<p>Ingresó en 1993 en el Ilustre Colegio de Abogados de Madrid (ICAM) y en junio del mismo año en el despacho Monereo Meyer Abogados, del que es socia desde el año 2002.</p>
<p>Sonia está especializada en resolución de conflictos, litigación y arbitraje, en ámbitos civil y mercantil, particularmente en asuntos con elemento extranjero y en la aplicación de convenios y normas de derecho internacional privado.</p>
<p>Es Académica Correspondiente de la Real Academia de Jurisprudencia y Legislación de España, miembro honorario de la Association International de Jeunes Avocats (AIJA) desde agosto de 2011 y miembro de UIA (Union International de Abogados).</p>
<p>Es árbitro del Consejo Arbitral para el Alquiler de la Comunidad de Madrid, de la Corte de Arbitraje de la Asociación Europea de Arbitraje y del Centro Iberoamericano de Arbitraje (CIAR).</p>
<p>Fue Decana del Ilustre Colegio de Abogados de Madrid (2012-2017) y ha ocupado los cargos de Vicepresidenta Primera del Consejo General de la Abogacía Española, Presidenta de la Unión Interprofesional de la Comunidad de Madrid y Consejera de la Fundación Abogacía.</p>
<p>Socia directora de Monereo Meyer Abogados en los años 2017 a 2020.</p>
<p>Habla español, alemán e inglés.</p>

<p>Sonia es licenciada en Derecho por la Universidad Autónoma de Madrid y tiene un Máster en Derecho comunitario por la Universidad Pontificia de Comillas (ICADE). Ingresó en 1993 en el Ilustre Colegio de Abogados de Madrid (ICAM) y en junio del mismo año en el despacho Monereo Meyer Abogados, del que es socia desde el [&hellip;]</p>
