{"id":28990,"date":"2017-11-03T15:06:17","date_gmt":"2017-11-03T14:06:17","guid":{"rendered":"https:\/\/www.legalmondo.com\/network\/caroline-barbe\/"},"modified":"2024-02-21T23:46:48","modified_gmt":"2024-02-21T22:46:48","slug":"caroline-barbe","status":"publish","type":"vendor","link":"https:\/\/www.legalmondo.com\/de\/network\/caroline-barbe\/","title":{"rendered":"Caroline Barbe"},"content":{"rendered":"<p>Caroline Barbe ist eine auf Arbeitsrecht spezialisierte Anw\u00e4ltin. Sie wurde 2008 vereidigt und trat dem Team von Solucial Avocats zun\u00e4chst als Mitarbeiterin bei und wurde 2012 Partnerin.<\/p>\n<p>Sie ber\u00e4t und unterst\u00fctzt ausschlie\u00dflich Unternehmen in verschiedenen Situationen, wie z.B. internationale Mobilit\u00e4t von Arbeitnehmern, individuelle und kollektive Verhandlungen, Ruhestandspl\u00e4ne, Entlassungen, Arbeitsrechtsstreitigkeiten oder Beziehungen zu den Arbeitsverwaltungen.<\/p>\n<p>Caroline h\u00e4lt regelm\u00e4\u00dfig Vortr\u00e4ge \u00fcber arbeitsrechtliche Neuigkeiten bei der franz\u00f6sisch-belgischen Handelskammer und anderen HR-Clubs. Caroline schult auch Personalverantwortliche und Manager zu verschiedenen Themen des Arbeitsrechts.<\/p>\n<p>Sie ist aktives Mitglied der International Association of Young Lawyers (AIJA) und wurde gerade zur Vizepr\u00e4sidentin der Arbeitsrechtskommission ernannt; au\u00dferdem ist sie Mitglied der Internationalen Kommission der Anwaltskammer von Lille und aktives Mitglied des CJD-Verbandes (Young Leaders Committee).<\/p>\n<p>Caroline spricht flie\u00dfend Franz\u00f6sisch und Englisch.<\/p>\n","protected":false},"excerpt":{"rendered":"<p>Caroline Barbe is a lawyer specialized in Labour and Employment law. She took her oath in 2008 and joined Solucial Avocats\u2019 team first as an associate and became a partner in 2012.<\/p>\n","protected":false},"author":145,"featured_media":24126,"template":"","sector":[10894],"country":[10899,11327,10900],"skill":[10969],"class_list":["post-28990","vendor","type-vendor","status-publish","has-post-thumbnail","hentry","sector-legal-en-de","country-fr-de","country-lille-de","country-paris-de","skill-labor-de"],"acf":[],"_links":{"self":[{"href":"https:\/\/www.legalmondo.com\/de\/wp-json\/wp\/v2\/vendor\/28990","targetHints":{"allow":["GET"]}}],"collection":[{"href":"https:\/\/www.legalmondo.com\/de\/wp-json\/wp\/v2\/vendor"}],"about":[{"href":"https:\/\/www.legalmondo.com\/de\/wp-json\/wp\/v2\/types\/vendor"}],"author":[{"embeddable":true,"href":"https:\/\/www.legalmondo.com\/de\/wp-json\/wp\/v2\/users\/145"}],"wp:featuredmedia":[{"embeddable":true,"href":"https:\/\/www.legalmondo.com\/de\/wp-json\/wp\/v2\/media\/24126"}],"wp:attachment":[{"href":"https:\/\/www.legalmondo.com\/de\/wp-json\/wp\/v2\/media?parent=28990"}],"wp:term":[{"taxonomy":"sector","embeddable":true,"href":"https:\/\/www.legalmondo.com\/de\/wp-json\/wp\/v2\/sector?post=28990"},{"taxonomy":"country","embeddable":true,"href":"https:\/\/www.legalmondo.com\/de\/wp-json\/wp\/v2\/country?post=28990"},{"taxonomy":"skill","embeddable":true,"href":"https:\/\/www.legalmondo.com\/de\/wp-json\/wp\/v2\/skill?post=28990"}],"curies":[{"name":"wp","href":"https:\/\/api.w.org\/{rel}","templated":true}]}}

<p>Caroline Barbe ist eine auf Arbeitsrecht spezialisierte Anwältin. Sie wurde 2008 vereidigt und trat dem Team von Solucial Avocats zunächst als Mitarbeiterin bei und wurde 2012 Partnerin.</p>
<p>Sie berät und unterstützt ausschließlich Unternehmen in verschiedenen Situationen, wie z.B. internationale Mobilität von Arbeitnehmern, individuelle und kollektive Verhandlungen, Ruhestandspläne, Entlassungen, Arbeitsrechtsstreitigkeiten oder Beziehungen zu den Arbeitsverwaltungen.</p>
<p>Caroline hält regelmäßig Vorträge über arbeitsrechtliche Neuigkeiten bei der französisch-belgischen Handelskammer und anderen HR-Clubs. Caroline schult auch Personalverantwortliche und Manager zu verschiedenen Themen des Arbeitsrechts.</p>
<p>Sie ist aktives Mitglied der International Association of Young Lawyers (AIJA) und wurde gerade zur Vizepräsidentin der Arbeitsrechtskommission ernannt; außerdem ist sie Mitglied der Internationalen Kommission der Anwaltskammer von Lille und aktives Mitglied des CJD-Verbandes (Young Leaders Committee).</p>
<p>Caroline spricht fließend Französisch und Englisch.</p>
